{"id":859,"date":"2022-09-01T16:59:25","date_gmt":"2022-09-01T16:59:25","guid":{"rendered":"https:\/\/valitec.co\/sitioweb\/?post_type=product&#038;p=859"},"modified":"2023-03-11T02:24:18","modified_gmt":"2023-03-11T02:24:18","slug":"tapones-de-seguridad-de-residuos","status":"publish","type":"product","link":"https:\/\/valitec.co\/sitioweb\/product\/tapones-de-seguridad-de-residuos\/","title":{"rendered":"Tapones de Seguridad de Res\u00edduos"},"content":{"rendered":"","protected":false},"excerpt":{"rendered":"<p>Los fluidos en los contenedores de residuos del laboratorio son muy venenosos y nocivos para los usuarios.<\/p>\n<p>A menudo el usuario no sabe qu\u00e9 mezcla puede emerger en los recipientes.<\/p>\n<p>Los Sistemas de seguridad cerrados de S.C.A.T. Europe ofrecen protecci\u00f3n, y garantizan un trabajo eficiente en el laboratorio.<\/p>\n<p><strong>Sistemas de filtrado contra vapores nocivos<\/strong><\/p>\n<p>Encontrar\u00e1 filtros de escape en diferentes tama\u00f1os.<\/p>\n<p><strong>Diferentes tama\u00f1os de rosca<\/strong><\/p>\n<p>Use SafetyWasteCaps en sus productos disponibles o pida los contenedores apropiados al mismo tiempo.<\/p>\n<p><strong>Resistente a los medios agresivos<\/strong><\/p>\n<p>Porque est\u00e1n hechos de PTFE puro y PE-HD, SafetyWasteCaps son resistentes contra disolventes org\u00e1nicos, \u00e1cidos y lej\u00edas.<\/p>\n","protected":false},"featured_media":863,"template":"","meta":{"_eb_attr":""},"product_brand":[],"product_cat":[66],"product_tag":[],"class_list":{"0":"post-859","1":"product","2":"type-product","3":"status-publish","4":"has-post-thumbnail","6":"product_cat-accesorios-para-cromatografia-liquida","8":"first","9":"instock","10":"shipping-taxable","11":"product-type-simple"},"_links":{"self":[{"href":"https:\/\/valitec.co\/sitioweb\/wp-json\/wp\/v2\/product\/859","targetHints":{"allow":["GET"]}}],"collection":[{"href":"https:\/\/valitec.co\/sitioweb\/wp-json\/wp\/v2\/product"}],"about":[{"href":"https:\/\/valitec.co\/sitioweb\/wp-json\/wp\/v2\/types\/product"}],"wp:featuredmedia":[{"embeddable":true,"href":"https:\/\/valitec.co\/sitioweb\/wp-json\/wp\/v2\/media\/863"}],"wp:attachment":[{"href":"https:\/\/valitec.co\/sitioweb\/wp-json\/wp\/v2\/media?parent=859"}],"wp:term":[{"taxonomy":"product_brand","embeddable":true,"href":"https:\/\/valitec.co\/sitioweb\/wp-json\/wp\/v2\/product_brand?post=859"},{"taxonomy":"product_cat","embeddable":true,"href":"https:\/\/valitec.co\/sitioweb\/wp-json\/wp\/v2\/product_cat?post=859"},{"taxonomy":"product_tag","embeddable":true,"href":"https:\/\/valitec.co\/sitioweb\/wp-json\/wp\/v2\/product_tag?post=859"}],"curies":[{"name":"wp","href":"https:\/\/api.w.org\/{rel}","templated":true}]}}