{"id":4383,"date":"2023-05-03T10:26:06","date_gmt":"2023-05-03T10:26:06","guid":{"rendered":"https:\/\/valitec.co\/sitioweb\/?post_type=product&#038;p=4383"},"modified":"2024-06-23T03:59:33","modified_gmt":"2024-06-23T03:59:33","slug":"jeringas-para-spark-holland","status":"publish","type":"product","link":"https:\/\/valitec.co\/sitioweb\/product\/jeringas-para-spark-holland\/","title":{"rendered":"Jeringas para Spark Holland"},"content":{"rendered":"","protected":false},"excerpt":{"rendered":"<p>\u00a1Hamilton ya dispone de una gama de jeringas para su inyector autom\u00e1tico Spark Holland! Con una punta de \u00e9mbolo de politetrafluoroetileno (PTFE) resistente para aplicaciones herm\u00e9ticas a los gases, un dise\u00f1o econ\u00f3mico para ofrecer un valor real a un precio asequible, tolerancias estrictamente mecanizadas para obtener resultados reproducibles de inyecci\u00f3n a inyecci\u00f3n y un acabado de la superficie del barril de vidrio para una vida \u00fatil superior de la jeringa.<\/p>\n<h6><strong><a href=\"https:\/\/www.teknokroma.es\/media\/3673\/hamilton_lq.pdf\">Descarga cat\u00e1logo<\/a><\/strong><\/h6>\n<h6><strong><a href=\"https:\/\/www.teknokroma.es\/media\/4185\/syringe-and-needle-catalog-3.pdf\">Descarga jeringas Hamilton<\/a><\/strong><\/h6>\n<h6 style=\"text-align: center;\"><strong>Fabricante<\/strong><\/h6>\n<p><img decoding=\"async\" class=\"alignnone wp-image-4314 aligncenter\" src=\"https:\/\/valitec.co\/sitioweb\/wp-content\/uploads\/2023\/04\/logo_hamiltoncompany-scaled.gif\" alt=\"\" width=\"223\" height=\"50\" \/><\/p>\n","protected":false},"featured_media":4384,"template":"","meta":{"_eb_attr":""},"product_brand":[],"product_cat":[117],"product_tag":[],"class_list":{"0":"post-4383","1":"product","2":"type-product","3":"status-publish","4":"has-post-thumbnail","6":"product_cat-jeringas-inyector-automatico-hplc","8":"first","9":"instock","10":"shipping-taxable","11":"product-type-simple"},"_links":{"self":[{"href":"https:\/\/valitec.co\/sitioweb\/wp-json\/wp\/v2\/product\/4383","targetHints":{"allow":["GET"]}}],"collection":[{"href":"https:\/\/valitec.co\/sitioweb\/wp-json\/wp\/v2\/product"}],"about":[{"href":"https:\/\/valitec.co\/sitioweb\/wp-json\/wp\/v2\/types\/product"}],"wp:featuredmedia":[{"embeddable":true,"href":"https:\/\/valitec.co\/sitioweb\/wp-json\/wp\/v2\/media\/4384"}],"wp:attachment":[{"href":"https:\/\/valitec.co\/sitioweb\/wp-json\/wp\/v2\/media?parent=4383"}],"wp:term":[{"taxonomy":"product_brand","embeddable":true,"href":"https:\/\/valitec.co\/sitioweb\/wp-json\/wp\/v2\/product_brand?post=4383"},{"taxonomy":"product_cat","embeddable":true,"href":"https:\/\/valitec.co\/sitioweb\/wp-json\/wp\/v2\/product_cat?post=4383"},{"taxonomy":"product_tag","embeddable":true,"href":"https:\/\/valitec.co\/sitioweb\/wp-json\/wp\/v2\/product_tag?post=4383"}],"curies":[{"name":"wp","href":"https:\/\/api.w.org\/{rel}","templated":true}]}}