{"id":4356,"date":"2023-04-26T22:04:33","date_gmt":"2023-04-26T22:04:33","guid":{"rendered":"https:\/\/valitec.co\/sitioweb\/?post_type=product&#038;p=4356"},"modified":"2023-04-26T22:05:01","modified_gmt":"2023-04-26T22:05:01","slug":"jeringas-para-valvula-de-inyeccion-waters","status":"publish","type":"product","link":"https:\/\/valitec.co\/sitioweb\/product\/jeringas-para-valvula-de-inyeccion-waters\/","title":{"rendered":"Jeringas para V\u00e1lvula de Inyecci\u00f3n Waters"},"content":{"rendered":"","protected":false},"excerpt":{"rendered":"<p>Las jeringas para la v\u00e1lvula U6K vienen con una aguja de calibre 25s espec\u00edficamente dise\u00f1ada para esta v\u00e1lvula.<\/p>\n<ul>\n<li>16 Jeringas para V\u00e1lvula de Inyecci\u00f3n Waters U6K<\/li>\n<li>Una jeringa para el cebado de la bomba HPLC Waters 510<\/li>\n<\/ul>\n<h6><a href=\"https:\/\/www.teknokroma.es\/media\/3673\/hamilton_lq.pdf\">Descarga cat\u00e1logo\u00a0<\/a><\/h6>\n<h6><a href=\"https:\/\/www.teknokroma.es\/media\/4185\/syringe-and-needle-catalog-3.pdf\">Descarga jeringas Hamilton<\/a><\/h6>\n<h6>Fabricante<\/h6>\n<p><img decoding=\"async\" class=\"alignnone wp-image-4314\" src=\"https:\/\/valitec.co\/sitioweb\/wp-content\/uploads\/2023\/04\/logo_hamiltoncompany-scaled.gif\" alt=\"\" width=\"352\" height=\"79\" \/><\/p>\n","protected":false},"featured_media":4357,"template":"","meta":{"_eb_attr":""},"product_brand":[],"product_cat":[114],"product_tag":[],"class_list":{"0":"post-4356","1":"product","2":"type-product","3":"status-publish","4":"has-post-thumbnail","6":"product_cat-jeringas-para-gc-manuales","8":"first","9":"instock","10":"shipping-taxable","11":"product-type-simple"},"_links":{"self":[{"href":"https:\/\/valitec.co\/sitioweb\/wp-json\/wp\/v2\/product\/4356","targetHints":{"allow":["GET"]}}],"collection":[{"href":"https:\/\/valitec.co\/sitioweb\/wp-json\/wp\/v2\/product"}],"about":[{"href":"https:\/\/valitec.co\/sitioweb\/wp-json\/wp\/v2\/types\/product"}],"wp:featuredmedia":[{"embeddable":true,"href":"https:\/\/valitec.co\/sitioweb\/wp-json\/wp\/v2\/media\/4357"}],"wp:attachment":[{"href":"https:\/\/valitec.co\/sitioweb\/wp-json\/wp\/v2\/media?parent=4356"}],"wp:term":[{"taxonomy":"product_brand","embeddable":true,"href":"https:\/\/valitec.co\/sitioweb\/wp-json\/wp\/v2\/product_brand?post=4356"},{"taxonomy":"product_cat","embeddable":true,"href":"https:\/\/valitec.co\/sitioweb\/wp-json\/wp\/v2\/product_cat?post=4356"},{"taxonomy":"product_tag","embeddable":true,"href":"https:\/\/valitec.co\/sitioweb\/wp-json\/wp\/v2\/product_tag?post=4356"}],"curies":[{"name":"wp","href":"https:\/\/api.w.org\/{rel}","templated":true}]}}