{"id":4344,"date":"2023-04-26T20:48:50","date_gmt":"2023-04-26T20:48:50","guid":{"rendered":"https:\/\/valitec.co\/sitioweb\/?post_type=product&#038;p=4344"},"modified":"2023-04-26T20:48:50","modified_gmt":"2023-04-26T20:48:50","slug":"jeringas-estandar","status":"publish","type":"product","link":"https:\/\/valitec.co\/sitioweb\/product\/jeringas-estandar\/","title":{"rendered":"Jeringas Est\u00e1ndar"},"content":{"rendered":"","protected":false},"excerpt":{"rendered":"<p>La\u00a0Inyecci\u00f3n\u00a0split\/splitless consiste en una c\u00e1mara calentada con un\u00a0liner de vidrio en el que se inyecta la muestra a trav\u00e9s del septum.\u00a0Se usa una microjeringa para inyectar la muestra a trav\u00e9s de un\u00a0septum de goma en una c\u00e1mara vaporizadora instant\u00e1nea en la cabecera de la columna.<br \/>\nLa muestra se vaporiza para formar una mezcla de gas portador, disolvente vaporizado y analitos vaporizados. En el modo split, s\u00f3lo una proporci\u00f3n de esta mezcla alcanza la columna pero la mayor\u00eda de las salidas a trav\u00e9s de la salida split. Esto evita sobrecargar la columna. En el modo splitless, el split vent se cierra para que el analito vaporizado pase a la columna. Este modo es m\u00e1s sensible y adecuado para el an\u00e1lisis de trazas.<\/p>\n<h6><a href=\"https:\/\/www.teknokroma.es\/media\/3673\/hamilton_lq.pdf\">Descarga cat\u00e1logo<\/a><\/h6>\n<h6><a href=\"https:\/\/www.teknokroma.es\/media\/4185\/syringe-and-needle-catalog-3.pdf\">Descarga jeringas Hamilton<\/a><\/h6>\n<h6 style=\"text-align: center;\">Fabricante<\/h6>\n<h6><img decoding=\"async\" class=\"alignnone  wp-image-4314 aligncenter\" src=\"https:\/\/valitec.co\/sitioweb\/wp-content\/uploads\/2023\/04\/logo_hamiltoncompany-scaled.gif\" alt=\"\" width=\"298\" height=\"67\" \/><\/h6>\n","protected":false},"featured_media":4343,"template":"","meta":{"_eb_attr":""},"product_brand":[],"product_cat":[114],"product_tag":[],"class_list":{"0":"post-4344","1":"product","2":"type-product","3":"status-publish","4":"has-post-thumbnail","6":"product_cat-jeringas-para-gc-manuales","8":"first","9":"instock","10":"shipping-taxable","11":"product-type-simple"},"_links":{"self":[{"href":"https:\/\/valitec.co\/sitioweb\/wp-json\/wp\/v2\/product\/4344","targetHints":{"allow":["GET"]}}],"collection":[{"href":"https:\/\/valitec.co\/sitioweb\/wp-json\/wp\/v2\/product"}],"about":[{"href":"https:\/\/valitec.co\/sitioweb\/wp-json\/wp\/v2\/types\/product"}],"wp:featuredmedia":[{"embeddable":true,"href":"https:\/\/valitec.co\/sitioweb\/wp-json\/wp\/v2\/media\/4343"}],"wp:attachment":[{"href":"https:\/\/valitec.co\/sitioweb\/wp-json\/wp\/v2\/media?parent=4344"}],"wp:term":[{"taxonomy":"product_brand","embeddable":true,"href":"https:\/\/valitec.co\/sitioweb\/wp-json\/wp\/v2\/product_brand?post=4344"},{"taxonomy":"product_cat","embeddable":true,"href":"https:\/\/valitec.co\/sitioweb\/wp-json\/wp\/v2\/product_cat?post=4344"},{"taxonomy":"product_tag","embeddable":true,"href":"https:\/\/valitec.co\/sitioweb\/wp-json\/wp\/v2\/product_tag?post=4344"}],"curies":[{"name":"wp","href":"https:\/\/api.w.org\/{rel}","templated":true}]}}