{"id":4215,"date":"2023-04-24T20:31:12","date_gmt":"2023-04-24T20:31:12","guid":{"rendered":"https:\/\/valitec.co\/sitioweb\/?post_type=product&#038;p=4215"},"modified":"2023-04-24T20:31:34","modified_gmt":"2023-04-24T20:31:34","slug":"viales-para-head-space-tk","status":"publish","type":"product","link":"https:\/\/valitec.co\/sitioweb\/product\/viales-para-head-space-tk\/","title":{"rendered":"Viales para Head Space TK"},"content":{"rendered":"","protected":false},"excerpt":{"rendered":"<div class=\"product-presentation\">\n<div class=\"right\">\n<div class=\"product-text\">\n<h2 class=\"tiny-subtitle\">Viales de espacio de cabeza capsulados<\/h2>\n<p>Todos los viales de Espacio de Cabeza est\u00e1n fabricados para proporcionar un espesor de pared uniforme, que garantiza una distribuci\u00f3n de calor para una fiabilidad demostrada constante.<\/p>\n<p>Disponibles en 6ml, 10ml,20ml y 27ml<\/p>\n<h2 class=\"tiny-subtitle\">Viales de Espacio de cabeza Roscado<\/h2>\n<p>Los viales de espacio de cabeza roscados, septa y tapones est\u00e1n especialmente dise\u00f1ados para su uso con Agilent y otros muestreadores de brazos giratorios o rob\u00f3ticos<\/p>\n<p>Disponible en 10ml y 20ml<\/p>\n<p>&nbsp;<\/p>\n<p>Los viales de espacio de cabeza cumplen o superan las especificaciones de los OEM para garantizar la compatibilidad con el automuestreador.<\/p>\n<\/div>\n<\/div>\n<\/div>\n<div class=\"tabs\">\n<div class=\"titles\">\n<h6 class=\"tab-1 item active\"><a href=\"https:\/\/www.teknokroma.es\/media\/3674\/vials_lq.pdf\">Descarga cat\u00e1logo<\/a><\/h6>\n<\/div>\n<\/div>\n<div><\/div>\n<h6 style=\"text-align: center;\">Fabricante<\/h6>\n<div><\/div>\n<div><img decoding=\"async\" class=\"alignnone size-full wp-image-4090 aligncenter\" src=\"https:\/\/valitec.co\/sitioweb\/wp-content\/uploads\/2023\/04\/7.png\" alt=\"\" width=\"243\" height=\"66\" srcset=\"https:\/\/valitec.co\/sitioweb\/wp-content\/uploads\/2023\/04\/7.png 243w, https:\/\/valitec.co\/sitioweb\/wp-content\/uploads\/2023\/04\/7-90x24.png 90w\" sizes=\"(max-width: 243px) 100vw, 243px\" \/><\/div>\n","protected":false},"featured_media":4200,"template":"","meta":{"_eb_attr":""},"product_brand":[],"product_cat":[104],"product_tag":[],"class_list":{"0":"post-4215","1":"product","2":"type-product","3":"status-publish","4":"has-post-thumbnail","6":"product_cat-viales","8":"first","9":"instock","10":"shipping-taxable","11":"product-type-simple"},"_links":{"self":[{"href":"https:\/\/valitec.co\/sitioweb\/wp-json\/wp\/v2\/product\/4215","targetHints":{"allow":["GET"]}}],"collection":[{"href":"https:\/\/valitec.co\/sitioweb\/wp-json\/wp\/v2\/product"}],"about":[{"href":"https:\/\/valitec.co\/sitioweb\/wp-json\/wp\/v2\/types\/product"}],"wp:featuredmedia":[{"embeddable":true,"href":"https:\/\/valitec.co\/sitioweb\/wp-json\/wp\/v2\/media\/4200"}],"wp:attachment":[{"href":"https:\/\/valitec.co\/sitioweb\/wp-json\/wp\/v2\/media?parent=4215"}],"wp:term":[{"taxonomy":"product_brand","embeddable":true,"href":"https:\/\/valitec.co\/sitioweb\/wp-json\/wp\/v2\/product_brand?post=4215"},{"taxonomy":"product_cat","embeddable":true,"href":"https:\/\/valitec.co\/sitioweb\/wp-json\/wp\/v2\/product_cat?post=4215"},{"taxonomy":"product_tag","embeddable":true,"href":"https:\/\/valitec.co\/sitioweb\/wp-json\/wp\/v2\/product_tag?post=4215"}],"curies":[{"name":"wp","href":"https:\/\/api.w.org\/{rel}","templated":true}]}}