{"id":4210,"date":"2023-04-24T20:24:40","date_gmt":"2023-04-24T20:24:40","guid":{"rendered":"https:\/\/valitec.co\/sitioweb\/?post_type=product&#038;p=4210"},"modified":"2023-04-24T20:24:40","modified_gmt":"2023-04-24T20:24:40","slug":"viales-para-almacenamiento-de-muestras-tk","status":"publish","type":"product","link":"https:\/\/valitec.co\/sitioweb\/product\/viales-para-almacenamiento-de-muestras-tk\/","title":{"rendered":"Viales para Almacenamiento de Muestras TK"},"content":{"rendered":"","protected":false},"excerpt":{"rendered":"<p><span>Los viales de rosca para el almacenamiento de muestra est\u00e1n fabricados en vidrio transparente de borosilicato de alta calidad (33 expansi\u00f3n, Tipo 1, Clase A) o \u00e1mbar (51\u00aa, tipo 1, Clase B).\u00a0<\/span><span>No presenta contaminaci\u00f3n de iones y mantiene el pH de las muestras durante el tiempo de almacenamiento.\u00a0<\/span><span>Disponibles en 2,4,8,12,16,22 y 40ml<\/span><\/p>\n<h6><a href=\"https:\/\/www.teknokroma.es\/media\/3674\/vials_lq.pdf\">Descarga el cat\u00e1logo<\/a><\/h6>\n<h6 style=\"text-align: center;\">Fabricante<\/h6>\n<h6><img fetchpriority=\"high\" decoding=\"async\" class=\"alignnone size-full wp-image-4193 aligncenter\" src=\"https:\/\/valitec.co\/sitioweb\/wp-content\/uploads\/2023\/04\/vial_almacenamiento_muestras.jpg\" alt=\"\" width=\"250\" height=\"250\" srcset=\"https:\/\/valitec.co\/sitioweb\/wp-content\/uploads\/2023\/04\/vial_almacenamiento_muestras.jpg 250w, https:\/\/valitec.co\/sitioweb\/wp-content\/uploads\/2023\/04\/vial_almacenamiento_muestras-150x150.jpg 150w, https:\/\/valitec.co\/sitioweb\/wp-content\/uploads\/2023\/04\/vial_almacenamiento_muestras-90x90.jpg 90w, https:\/\/valitec.co\/sitioweb\/wp-content\/uploads\/2023\/04\/vial_almacenamiento_muestras-54x54.jpg 54w\" sizes=\"(max-width: 250px) 100vw, 250px\" \/><\/h6>\n","protected":false},"featured_media":4193,"template":"","meta":{"_eb_attr":""},"product_brand":[],"product_cat":[104],"product_tag":[],"class_list":{"0":"post-4210","1":"product","2":"type-product","3":"status-publish","4":"has-post-thumbnail","6":"product_cat-viales","8":"first","9":"instock","10":"shipping-taxable","11":"product-type-simple"},"_links":{"self":[{"href":"https:\/\/valitec.co\/sitioweb\/wp-json\/wp\/v2\/product\/4210","targetHints":{"allow":["GET"]}}],"collection":[{"href":"https:\/\/valitec.co\/sitioweb\/wp-json\/wp\/v2\/product"}],"about":[{"href":"https:\/\/valitec.co\/sitioweb\/wp-json\/wp\/v2\/types\/product"}],"wp:featuredmedia":[{"embeddable":true,"href":"https:\/\/valitec.co\/sitioweb\/wp-json\/wp\/v2\/media\/4193"}],"wp:attachment":[{"href":"https:\/\/valitec.co\/sitioweb\/wp-json\/wp\/v2\/media?parent=4210"}],"wp:term":[{"taxonomy":"product_brand","embeddable":true,"href":"https:\/\/valitec.co\/sitioweb\/wp-json\/wp\/v2\/product_brand?post=4210"},{"taxonomy":"product_cat","embeddable":true,"href":"https:\/\/valitec.co\/sitioweb\/wp-json\/wp\/v2\/product_cat?post=4210"},{"taxonomy":"product_tag","embeddable":true,"href":"https:\/\/valitec.co\/sitioweb\/wp-json\/wp\/v2\/product_tag?post=4210"}],"curies":[{"name":"wp","href":"https:\/\/api.w.org\/{rel}","templated":true}]}}