{"id":4142,"date":"2023-04-22T16:19:18","date_gmt":"2023-04-22T16:19:18","guid":{"rendered":"https:\/\/valitec.co\/sitioweb\/?post_type=product&#038;p=4142"},"modified":"2023-04-22T16:40:50","modified_gmt":"2023-04-22T16:40:50","slug":"muestreador-de-head-space-2t-manual-2","status":"publish","type":"product","link":"https:\/\/valitec.co\/sitioweb\/product\/muestreador-de-head-space-2t-manual-2\/","title":{"rendered":"Muestreador de Head Space 2t Manual"},"content":{"rendered":"<p><strong>Especificaciones t\u00e9cnicas<\/strong><\/p>\n<p>Rango de temperatura de calentamiento:\u00a0 \u00a0 \u00a0 \u00a0 \u00a0 \u00a0 \u00a0 \u00a0 \u00a0 \u00a0 \u00a0 \u00a0 \u00a0 \u00a0 \u00a0 hasta 140\u00baC.<\/p>\n<p>Inyecci\u00f3n variable:\u00a0 \u00a0 \u00a0 \u00a0 \u00a0 \u00a0 \u00a0 \u00a0 \u00a0 \u00a0 \u00a0 \u00a0 \u00a0 \u00a0 \u00a0 \u00a0 \u00a0 \u00a0 \u00a0 \u00a0 \u00a0 \u00a0 \u00a0 \u00a0 \u00a0 \u00a0 \u00a0 \u00a0 \u00a0 \u00a0 \u00a0 \u00a0 \u00a0 \u00a0 hasta 2,5 ml.<\/p>\n<p>Precisi\u00f3n de temperatura:\u00a0 \u00a0 \u00a0 \u00a0 \u00a0 \u00a0 \u00a0 \u00a0 \u00a0 \u00a0 \u00a0 \u00a0 \u00a0 \u00a0 \u00a0 \u00a0 \u00a0 \u00a0 \u00a0 \u00a0 \u00a0 \u00a0 \u00a0 \u00a0 \u00a0 \u00a0 \u00a0 \u00a0 +\/- 0,75\u00baC<\/p>\n<p>Tiene capacidad para 6 viales de:\u00a0 \u00a0 \u00a0 \u00a0 \u00a0 \u00a0 \u00a0 \u00a0 \u00a0 \u00a0 \u00a0 \u00a0 \u00a0 \u00a0 \u00a0 \u00a0 \u00a0 \u00a0 \u00a0 \u00a0 \u00a0 \u00a02, 4, 6, 9, 10, 12, 20, 22 y 27 ml.<\/p>\n<p>Control del tiempo de muestreo con alarma ac\u00fastica:\u00a0 \u00a0 \u00a0 \u00a0 \u00a01 a 99 segundos<\/p>\n<p>Control de tiempo de equilibrio con alarma ac\u00fastica:\u00a0 \u00a0 \u00a0 \u00a0 \u00a0 1 a 99 minutos<\/p>\n<p>Tiempo de estabilizaci\u00f3n de 25\u00baC a 70\u00baC con<\/p>\n<p>Jeringa de 1 ml y 6 viales vac\u00edos de 20 ml:\u00a0 \u00a0 \u00a0 \u00a0 \u00a0 \u00a0 \u00a0 \u00a0 \u00a0 \u00a0 \u00a0 \u00a0 \u00a0 \u00a0 20 minutos<\/p>\n<p>Temperatura de seguridad:\u00a0 \u00a0 \u00a0 \u00a0 \u00a0 \u00a0 \u00a0 \u00a0 \u00a0 \u00a0 \u00a0 \u00a0 \u00a0 \u00a0 \u00a0 \u00a0 \u00a0 \u00a0 \u00a0 \u00a0 \u00a0 \u00a0 \u00a0 \u00a0 \u00a0 \u00a0 \u00a0 175\u00baC<\/p>\n<p>Potencia:\u00a0 \u00a0 \u00a0 \u00a0 \u00a0 \u00a0 \u00a0 \u00a0 \u00a0 \u00a0 \u00a0 \u00a0 \u00a0 \u00a0 \u00a0 \u00a0 \u00a0 \u00a0 \u00a0 \u00a0 \u00a0 \u00a0 \u00a0 \u00a0 \u00a0 \u00a0 \u00a0 \u00a0 \u00a0 \u00a0 \u00a0 \u00a0 \u00a0 \u00a0 \u00a0 \u00a0 \u00a0 \u00a0 \u00a0 \u00a0 \u00a0 \u00a0 110\/220 +\/- 10% VAC<\/p>\n","protected":false},"excerpt":{"rendered":"<p><strong>Muestreador manual para\u00a0Head Space 2t Teknokroma<\/strong><\/p>\n<p>El muestreador 2t es el primer sistema manual para espacio de cabeza est\u00e1tico, que permite la aplicaci\u00f3n de esta t\u00e9cnica de forma cuantitativa con la misma precisi\u00f3n y exactitud que los equipos autom\u00e1ticos que existen en el mercado.<\/p>\n<p>Hasta ahora s\u00f3lo era posible utilizar la t\u00e9cnica de espacio para la cabeza con un equipo autom\u00e1tico, este\u00a0tiene un alto costo, baja versatilidad y operaciones complejas.<\/p>\n<p>El muestreador 2t resuelve estos problemas haciendo que la t\u00e9cnica est\u00e9 disponible para todos los usuarios de cromatograf\u00eda de gases de forma econ\u00f3mica y de una manera simple.<\/p>\n<p>&nbsp;<\/p>\n<p>El muestreador manual es un producto patentado, dise\u00f1ado y fabricado por Teknokroma.<\/p>\n<p>Cumple las Directivas de Seguridad El\u00e9ctrica 73\/23\/CEE y de Compatibilidad Electromagn\u00e9tica 89\/336\/CEE.<\/p>\n<p>Cumple los requisitos de la farmacopea.<\/p>\n<p>Farmacopea Europea 7th (2011).<\/p>\n<p>USP 35-NFO (2012).<\/p>\n<h6><a href=\"https:\/\/www.teknokroma.es\/media\/4268\/2-t-headsnace-sampler.pdf\">Descargar Head Space<\/a><\/h6>\n<h6 style=\"text-align: center;\">Fabricante<\/h6>\n<p><img decoding=\"async\" class=\"alignnone size-full wp-image-4090 aligncenter\" src=\"https:\/\/valitec.co\/sitioweb\/wp-content\/uploads\/2023\/04\/7.png\" alt=\"\" width=\"243\" height=\"66\" srcset=\"https:\/\/valitec.co\/sitioweb\/wp-content\/uploads\/2023\/04\/7.png 243w, https:\/\/valitec.co\/sitioweb\/wp-content\/uploads\/2023\/04\/7-90x24.png 90w\" sizes=\"(max-width: 243px) 100vw, 243px\" \/><\/p>\n<p>&nbsp;<\/p>\n","protected":false},"featured_media":4136,"template":"","meta":{"_eb_attr":""},"product_brand":[],"product_cat":[95,103],"product_tag":[],"class_list":{"0":"post-4142","1":"product","2":"type-product","3":"status-publish","4":"has-post-thumbnail","6":"product_cat-inyector-de-head-space","7":"product_cat-head-space","9":"first","10":"instock","11":"shipping-taxable","12":"product-type-simple"},"_links":{"self":[{"href":"https:\/\/valitec.co\/sitioweb\/wp-json\/wp\/v2\/product\/4142","targetHints":{"allow":["GET"]}}],"collection":[{"href":"https:\/\/valitec.co\/sitioweb\/wp-json\/wp\/v2\/product"}],"about":[{"href":"https:\/\/valitec.co\/sitioweb\/wp-json\/wp\/v2\/types\/product"}],"wp:featuredmedia":[{"embeddable":true,"href":"https:\/\/valitec.co\/sitioweb\/wp-json\/wp\/v2\/media\/4136"}],"wp:attachment":[{"href":"https:\/\/valitec.co\/sitioweb\/wp-json\/wp\/v2\/media?parent=4142"}],"wp:term":[{"taxonomy":"product_brand","embeddable":true,"href":"https:\/\/valitec.co\/sitioweb\/wp-json\/wp\/v2\/product_brand?post=4142"},{"taxonomy":"product_cat","embeddable":true,"href":"https:\/\/valitec.co\/sitioweb\/wp-json\/wp\/v2\/product_cat?post=4142"},{"taxonomy":"product_tag","embeddable":true,"href":"https:\/\/valitec.co\/sitioweb\/wp-json\/wp\/v2\/product_tag?post=4142"}],"curies":[{"name":"wp","href":"https:\/\/api.w.org\/{rel}","templated":true}]}}