{"id":4119,"date":"2023-04-22T15:32:04","date_gmt":"2023-04-22T15:32:04","guid":{"rendered":"https:\/\/valitec.co\/sitioweb\/?post_type=product&#038;p=4119"},"modified":"2023-04-22T15:32:19","modified_gmt":"2023-04-22T15:32:19","slug":"extraccion-en-fase-solida-spe","status":"publish","type":"product","link":"https:\/\/valitec.co\/sitioweb\/product\/extraccion-en-fase-solida-spe\/","title":{"rendered":"Extracci\u00f3n en Fase S\u00f3lida SPE"},"content":{"rendered":"","protected":false},"excerpt":{"rendered":"<p>Extracci\u00f3n en Fase S\u00f3lida SPE<\/p>\n<p>Teknokroma introduce en el mercado la l\u00ednea de columnas de Extracci\u00f3n en Fase S\u00f3lida Finisterre\u2122\u00a0para limpiar y concentrar las\u00a0muestras de forma r\u00e1pida y eficiente antes\u00a0 de su an\u00e1lisis por\u00a0 GC, HPLC, y\/o otros m\u00e9todos instrumentales.<\/p>\n<p>Mediante los m\u00e9todos de SPE, los analitos son concentrados y purificados de su disoluci\u00f3n por adsorci\u00f3n sobre un cartucho de fase s\u00f3lida desechable, seguido de la eluci\u00f3n del analito con un disolventes adecuado para el an\u00e1lisis instrumental.<br \/>\nLas columnas de SPE Finisterre\u2122 mejoran la pureza de la muestra, la cuantificaci\u00f3n y la vida de la columna de HPLC.<\/p>\n<h6><a href=\"https:\/\/www.teknokroma.es\/media\/3676\/filtrationextrac_lq.pdf\">Descarga cat\u00e1logo<\/a><\/h6>\n<h6><a href=\"https:\/\/www.teknokroma.es\/media\/4228\/finisterre-spe-cartridges.pdf\">Descarga Finisterre SPE<\/a><\/h6>\n<h6 style=\"text-align: center;\">Fabricante<\/h6>\n<p><img decoding=\"async\" class=\"alignnone size-full wp-image-4090 aligncenter\" src=\"https:\/\/valitec.co\/sitioweb\/wp-content\/uploads\/2023\/04\/7.png\" alt=\"\" width=\"243\" height=\"66\" srcset=\"https:\/\/valitec.co\/sitioweb\/wp-content\/uploads\/2023\/04\/7.png 243w, https:\/\/valitec.co\/sitioweb\/wp-content\/uploads\/2023\/04\/7-90x24.png 90w\" sizes=\"(max-width: 243px) 100vw, 243px\" \/><\/p>\n","protected":false},"featured_media":4118,"template":"","meta":{"_eb_attr":""},"product_brand":[],"product_cat":[101],"product_tag":[],"class_list":{"0":"post-4119","1":"product","2":"type-product","3":"status-publish","4":"has-post-thumbnail","6":"product_cat-extraccion-en-fase-solida-spe","8":"first","9":"instock","10":"shipping-taxable","11":"product-type-simple"},"_links":{"self":[{"href":"https:\/\/valitec.co\/sitioweb\/wp-json\/wp\/v2\/product\/4119","targetHints":{"allow":["GET"]}}],"collection":[{"href":"https:\/\/valitec.co\/sitioweb\/wp-json\/wp\/v2\/product"}],"about":[{"href":"https:\/\/valitec.co\/sitioweb\/wp-json\/wp\/v2\/types\/product"}],"wp:featuredmedia":[{"embeddable":true,"href":"https:\/\/valitec.co\/sitioweb\/wp-json\/wp\/v2\/media\/4118"}],"wp:attachment":[{"href":"https:\/\/valitec.co\/sitioweb\/wp-json\/wp\/v2\/media?parent=4119"}],"wp:term":[{"taxonomy":"product_brand","embeddable":true,"href":"https:\/\/valitec.co\/sitioweb\/wp-json\/wp\/v2\/product_brand?post=4119"},{"taxonomy":"product_cat","embeddable":true,"href":"https:\/\/valitec.co\/sitioweb\/wp-json\/wp\/v2\/product_cat?post=4119"},{"taxonomy":"product_tag","embeddable":true,"href":"https:\/\/valitec.co\/sitioweb\/wp-json\/wp\/v2\/product_tag?post=4119"}],"curies":[{"name":"wp","href":"https:\/\/api.w.org\/{rel}","templated":true}]}}