{"id":3249,"date":"2023-04-03T11:07:03","date_gmt":"2023-04-03T11:07:03","guid":{"rendered":"https:\/\/valitec.co\/sitioweb\/?post_type=product&#038;p=3249"},"modified":"2023-04-03T11:07:03","modified_gmt":"2023-04-03T11:07:03","slug":"filtros-de-gas-super-clean-para-lc-ms","status":"publish","type":"product","link":"https:\/\/valitec.co\/sitioweb\/product\/filtros-de-gas-super-clean-para-lc-ms\/","title":{"rendered":"Filtros de Gas Super Clean\u2122 para LC-MS"},"content":{"rendered":"","protected":false},"excerpt":{"rendered":"<p>El sistema de Cartucho hace que el cambio de filtros sea f\u00e1cil y r\u00e1pido. La base permite el intercambio de filtros sin introducir ox\u00edgeno. Comprobaci\u00f3n de V\u00e1lvula Spring-loaded cierra cuando\u00a0retiramos un filtro, y abre cuando un nuevo filtro bloquea en su lugar.<br \/>\nYa no se tiene la necesidad de apretar y aflojar tuercas cada vez que se cambia una trampa y su sistema es menos problable que pueda contaminarse durante el proceso.<\/p>\n<p>Fabricante:<\/p>\n<p><img decoding=\"async\" class=\"alignnone  wp-image-3246\" src=\"https:\/\/valitec.co\/sitioweb\/wp-content\/uploads\/2023\/04\/fabricante.jpg\" alt=\"\" width=\"268\" height=\"97\" srcset=\"https:\/\/valitec.co\/sitioweb\/wp-content\/uploads\/2023\/04\/fabricante.jpg 706w, https:\/\/valitec.co\/sitioweb\/wp-content\/uploads\/2023\/04\/fabricante-300x109.jpg 300w, https:\/\/valitec.co\/sitioweb\/wp-content\/uploads\/2023\/04\/fabricante-600x218.jpg 600w, https:\/\/valitec.co\/sitioweb\/wp-content\/uploads\/2023\/04\/fabricante-90x33.jpg 90w\" sizes=\"(max-width: 268px) 100vw, 268px\" \/><\/p>\n","protected":false},"featured_media":3244,"template":"","meta":{"_eb_attr":""},"product_brand":[],"product_cat":[92],"product_tag":[],"class_list":{"0":"post-3249","1":"product","2":"type-product","3":"status-publish","4":"has-post-thumbnail","6":"product_cat-purificadores-de-gases","8":"first","9":"instock","10":"shipping-taxable","11":"product-type-simple"},"_links":{"self":[{"href":"https:\/\/valitec.co\/sitioweb\/wp-json\/wp\/v2\/product\/3249","targetHints":{"allow":["GET"]}}],"collection":[{"href":"https:\/\/valitec.co\/sitioweb\/wp-json\/wp\/v2\/product"}],"about":[{"href":"https:\/\/valitec.co\/sitioweb\/wp-json\/wp\/v2\/types\/product"}],"wp:featuredmedia":[{"embeddable":true,"href":"https:\/\/valitec.co\/sitioweb\/wp-json\/wp\/v2\/media\/3244"}],"wp:attachment":[{"href":"https:\/\/valitec.co\/sitioweb\/wp-json\/wp\/v2\/media?parent=3249"}],"wp:term":[{"taxonomy":"product_brand","embeddable":true,"href":"https:\/\/valitec.co\/sitioweb\/wp-json\/wp\/v2\/product_brand?post=3249"},{"taxonomy":"product_cat","embeddable":true,"href":"https:\/\/valitec.co\/sitioweb\/wp-json\/wp\/v2\/product_cat?post=3249"},{"taxonomy":"product_tag","embeddable":true,"href":"https:\/\/valitec.co\/sitioweb\/wp-json\/wp\/v2\/product_tag?post=3249"}],"curies":[{"name":"wp","href":"https:\/\/api.w.org\/{rel}","templated":true}]}}