{"id":3182,"date":"2023-03-28T16:00:46","date_gmt":"2023-03-28T16:00:46","guid":{"rendered":"https:\/\/valitec.co\/sitioweb\/?post_type=product&#038;p=3182"},"modified":"2023-03-28T16:02:14","modified_gmt":"2023-03-28T16:02:14","slug":"trb-50-2pona","status":"publish","type":"product","link":"https:\/\/valitec.co\/sitioweb\/product\/trb-50-2pona\/","title":{"rendered":"TRB-50.2PONA"},"content":{"rendered":"<p><span class=\"textsubtitle_style\"><strong>TRB-50.2PONA<\/strong>\u00a0Fases equivalentes<\/span><\/p>\n<p>Agilent:\u00a0<strong>HP-PONA, CP-SIL PONA CB, HP-1<\/strong><br \/>\nSupelco:\u00a0<strong>Petrocol DH 50.2<\/strong><br \/>\nRestek:<strong>\u00a0Rtx-DHA-50,\u00a0Rtx-1 PONA<\/strong><br \/>\nSGE:\u00a0<strong>BP1 PONA<\/strong><br \/>\nPhenomenex:\u00a0<strong>ZB-DHA-PONA<\/strong><\/p>\n<h3><a href=\"https:\/\/www.teknokroma.es\/media\/3305\/trb-502pona_cat.pdf\" rel=\"nofollow noopener\" target=\"_blank\">Descarga<\/a><\/h3>\n<p>Fabricante:<\/p>\n<p><img decoding=\"async\" class=\"alignnone size-full wp-image-3114\" src=\"https:\/\/valitec.co\/sitioweb\/wp-content\/uploads\/2023\/03\/teckno.png\" alt=\"\" width=\"243\" height=\"66\" srcset=\"https:\/\/valitec.co\/sitioweb\/wp-content\/uploads\/2023\/03\/teckno.png 243w, https:\/\/valitec.co\/sitioweb\/wp-content\/uploads\/2023\/03\/teckno-90x24.png 90w\" sizes=\"(max-width: 243px) 100vw, 243px\" \/><\/p>\n","protected":false},"excerpt":{"rendered":"<p><span class=\"textcontent\">\u2022 Columna dise\u00f1ada para el an\u00e1lisis completo de hidrocarburos (P-Parafinas,O-Olefinas, N-Naftenos y A-Arom\u00e1ticos) en productos derivados del petr\u00f3leo seg\u00fan las normas\u00a0<strong>ASTM<\/strong>, m\u00e9todo\u00a0<strong>D5134<\/strong>.<\/span><\/p>\n<p><img decoding=\"async\" src=\"https:\/\/www.teknokroma.es\/media\/1177\/estructura_sapiens-1ms.jpg?width=182&amp;height=125\" alt=\"La Columna TRB-50.2PONA, de Teknokroma, tiene la estructura de Poli(dimetil)siloxano, y es equivalente a las fases: Agilent: HP-PONA; Supelco: Petrocol DH 50.2; Restek: Rtx-1 PONA; Varian: CP-SIL PONA CB; SGE: BP-1-PONA\" data-id=\"5220\" \/><\/p>\n<p>100% Dimetil polisiloxano, fase entrecruzada y qu\u00edmicamente ligada<\/p>\n","protected":false},"featured_media":3144,"template":"","meta":{"_eb_attr":""},"product_brand":[],"product_cat":[86],"product_tag":[],"class_list":{"0":"post-3182","1":"product","2":"type-product","3":"status-publish","4":"has-post-thumbnail","6":"product_cat-columnas-de-silice-fundida","8":"first","9":"instock","10":"shipping-taxable","11":"product-type-simple"},"_links":{"self":[{"href":"https:\/\/valitec.co\/sitioweb\/wp-json\/wp\/v2\/product\/3182","targetHints":{"allow":["GET"]}}],"collection":[{"href":"https:\/\/valitec.co\/sitioweb\/wp-json\/wp\/v2\/product"}],"about":[{"href":"https:\/\/valitec.co\/sitioweb\/wp-json\/wp\/v2\/types\/product"}],"wp:featuredmedia":[{"embeddable":true,"href":"https:\/\/valitec.co\/sitioweb\/wp-json\/wp\/v2\/media\/3144"}],"wp:attachment":[{"href":"https:\/\/valitec.co\/sitioweb\/wp-json\/wp\/v2\/media?parent=3182"}],"wp:term":[{"taxonomy":"product_brand","embeddable":true,"href":"https:\/\/valitec.co\/sitioweb\/wp-json\/wp\/v2\/product_brand?post=3182"},{"taxonomy":"product_cat","embeddable":true,"href":"https:\/\/valitec.co\/sitioweb\/wp-json\/wp\/v2\/product_cat?post=3182"},{"taxonomy":"product_tag","embeddable":true,"href":"https:\/\/valitec.co\/sitioweb\/wp-json\/wp\/v2\/product_tag?post=3182"}],"curies":[{"name":"wp","href":"https:\/\/api.w.org\/{rel}","templated":true}]}}