{"id":3174,"date":"2023-03-28T15:33:40","date_gmt":"2023-03-28T15:33:40","guid":{"rendered":"https:\/\/valitec.co\/sitioweb\/?post_type=product&#038;p=3174"},"modified":"2023-03-28T15:34:07","modified_gmt":"2023-03-28T15:34:07","slug":"trb-5amine","status":"publish","type":"product","link":"https:\/\/valitec.co\/sitioweb\/product\/trb-5amine\/","title":{"rendered":"TRB-5Amine"},"content":{"rendered":"<p><span class=\"textsubtitle_style\"><strong>TRB-5Amine<\/strong>\u00a0Fases equivalentes<\/span><\/p>\n<p>Agilent:\u00a0<strong>CP-Sil 8 CB for Amines<\/strong><br \/>\nRestek:\u00a0<strong>Rtx-5Amine<\/strong><br \/>\nSupelco:\u00a0<strong>PTA-5<\/strong><br \/>\nMacherey-Nagel:\u00a0<strong>OPTIMA-5A<\/strong><\/p>\n<h3><a href=\"https:\/\/www.teknokroma.es\/media\/3312\/trb-5amine_cat.pdf\" rel=\"nofollow noopener\" target=\"_blank\">Descarga<\/a><\/h3>\n<p>Fabricante:<\/p>\n<p><img decoding=\"async\" class=\"alignnone size-full wp-image-3114\" src=\"https:\/\/valitec.co\/sitioweb\/wp-content\/uploads\/2023\/03\/teckno.png\" alt=\"\" width=\"243\" height=\"66\" srcset=\"https:\/\/valitec.co\/sitioweb\/wp-content\/uploads\/2023\/03\/teckno.png 243w, https:\/\/valitec.co\/sitioweb\/wp-content\/uploads\/2023\/03\/teckno-90x24.png 90w\" sizes=\"(max-width: 243px) 100vw, 243px\" \/><\/p>\n","protected":false},"excerpt":{"rendered":"<p><span class=\"textcontent\">\u2022 Columna especialmente dise\u00f1ada para el an\u00e1lisis de aminas.<br \/>\n\u2022 Desactivaci\u00f3n patentada que reduce al m\u00ednimo la absorci\u00f3n y la cola de los compuestos b\u00e1sicos, como las alquilaminas,<br \/>\nalcoholaminas, productos farmac\u00e9uticos b\u00e1sicos, aminas arom\u00e1ticas, etc.<br \/>\n\u2022 La selectividad y la estabilidad t\u00e9rmica equivalentes a las columnas TRB-5.<br \/>\n<\/span><\/p>\n<p><span class=\"textsubtitle_style\"><img decoding=\"async\" src=\"https:\/\/www.teknokroma.es\/media\/1302\/trb-5amine_struct.jpg?width=180&amp;height=101\" alt=\"TRB-5Amine Capillary Column, Structure of Poly(dimethyl)siloxane, TRB-5HT Equivalent Phases: Restek: Rtx 5Amine; Supelco: PTA-5; Macherey-Nagel: OPTIMA-5A; Varian: CP-Sil 8 MS\" \/><\/span><\/p>\n<p>95% Dimetil-5% difenilpolisiloxano, fase ligada y entrecruzada<\/p>\n<p><span class=\"textsubtitle_style\">Esta columna esta dise\u00f1ada especialmente para el an\u00e1lisis de aminas,\u00a0compuestos b\u00e1sicos,\u00a0alquilaminas,\u00a0diamina,\u00a0triamina,\u00a0etanolamina,\u00a0heteroc\u00edclicos con nitr\u00f3geno,\u00a0y otros compuestos b\u00e1sicos.<\/span><\/p>\n","protected":false},"featured_media":3154,"template":"","meta":{"_eb_attr":""},"product_brand":[],"product_cat":[86],"product_tag":[],"class_list":{"0":"post-3174","1":"product","2":"type-product","3":"status-publish","4":"has-post-thumbnail","6":"product_cat-columnas-de-silice-fundida","8":"first","9":"instock","10":"shipping-taxable","11":"product-type-simple"},"_links":{"self":[{"href":"https:\/\/valitec.co\/sitioweb\/wp-json\/wp\/v2\/product\/3174","targetHints":{"allow":["GET"]}}],"collection":[{"href":"https:\/\/valitec.co\/sitioweb\/wp-json\/wp\/v2\/product"}],"about":[{"href":"https:\/\/valitec.co\/sitioweb\/wp-json\/wp\/v2\/types\/product"}],"wp:featuredmedia":[{"embeddable":true,"href":"https:\/\/valitec.co\/sitioweb\/wp-json\/wp\/v2\/media\/3154"}],"wp:attachment":[{"href":"https:\/\/valitec.co\/sitioweb\/wp-json\/wp\/v2\/media?parent=3174"}],"wp:term":[{"taxonomy":"product_brand","embeddable":true,"href":"https:\/\/valitec.co\/sitioweb\/wp-json\/wp\/v2\/product_brand?post=3174"},{"taxonomy":"product_cat","embeddable":true,"href":"https:\/\/valitec.co\/sitioweb\/wp-json\/wp\/v2\/product_cat?post=3174"},{"taxonomy":"product_tag","embeddable":true,"href":"https:\/\/valitec.co\/sitioweb\/wp-json\/wp\/v2\/product_tag?post=3174"}],"curies":[{"name":"wp","href":"https:\/\/api.w.org\/{rel}","templated":true}]}}