{"id":3166,"date":"2023-03-28T03:08:58","date_gmt":"2023-03-28T03:08:58","guid":{"rendered":"https:\/\/valitec.co\/sitioweb\/?post_type=product&#038;p=3166"},"modified":"2023-03-28T03:12:47","modified_gmt":"2023-03-28T03:12:47","slug":"meta-x5-triazine","status":"publish","type":"product","link":"https:\/\/valitec.co\/sitioweb\/product\/meta-x5-triazine\/","title":{"rendered":"Meta.X5 Triazine"},"content":{"rendered":"<h3><a href=\"https:\/\/www.teknokroma.es\/media\/3318\/metax5-triazine_cat.pdf\" rel=\"nofollow noopener\" target=\"_blank\">Descarga<\/a><\/h3>\n<p>Fabricante:<\/p>\n<p><img decoding=\"async\" class=\"alignnone size-full wp-image-3114\" src=\"https:\/\/valitec.co\/sitioweb\/wp-content\/uploads\/2023\/03\/teckno.png\" alt=\"\" width=\"243\" height=\"66\" srcset=\"https:\/\/valitec.co\/sitioweb\/wp-content\/uploads\/2023\/03\/teckno.png 243w, https:\/\/valitec.co\/sitioweb\/wp-content\/uploads\/2023\/03\/teckno-90x24.png 90w\" sizes=\"(max-width: 243px) 100vw, 243px\" \/><\/p>\n","protected":false},"excerpt":{"rendered":"<p>\u2022 Nueva formulaci\u00f3n de la fase estacionaria de Meta.X5. Ideal para la separaci\u00f3n de los herbicidas de triazina del m\u00e9todo EPA 609.<br \/>\n\u2022 Bajo sangrado y excelente inercia para el an\u00e1lisis de trazas de herbicidas por GC\/MS.<br \/>\n\u2022 Columna de uso general para pesticidas.<\/p>\n<p>fase propia<\/p>\n<p>fase con unidades silfenileno, selectividad similar a la TRB-5, entrecuzada y qu\u00edmicamente ligada<\/p>\n","protected":false},"featured_media":3144,"template":"","meta":{"_eb_attr":""},"product_brand":[],"product_cat":[86],"product_tag":[],"class_list":{"0":"post-3166","1":"product","2":"type-product","3":"status-publish","4":"has-post-thumbnail","6":"product_cat-columnas-de-silice-fundida","8":"first","9":"instock","10":"shipping-taxable","11":"product-type-simple"},"_links":{"self":[{"href":"https:\/\/valitec.co\/sitioweb\/wp-json\/wp\/v2\/product\/3166","targetHints":{"allow":["GET"]}}],"collection":[{"href":"https:\/\/valitec.co\/sitioweb\/wp-json\/wp\/v2\/product"}],"about":[{"href":"https:\/\/valitec.co\/sitioweb\/wp-json\/wp\/v2\/types\/product"}],"wp:featuredmedia":[{"embeddable":true,"href":"https:\/\/valitec.co\/sitioweb\/wp-json\/wp\/v2\/media\/3144"}],"wp:attachment":[{"href":"https:\/\/valitec.co\/sitioweb\/wp-json\/wp\/v2\/media?parent=3166"}],"wp:term":[{"taxonomy":"product_brand","embeddable":true,"href":"https:\/\/valitec.co\/sitioweb\/wp-json\/wp\/v2\/product_brand?post=3166"},{"taxonomy":"product_cat","embeddable":true,"href":"https:\/\/valitec.co\/sitioweb\/wp-json\/wp\/v2\/product_cat?post=3166"},{"taxonomy":"product_tag","embeddable":true,"href":"https:\/\/valitec.co\/sitioweb\/wp-json\/wp\/v2\/product_tag?post=3166"}],"curies":[{"name":"wp","href":"https:\/\/api.w.org\/{rel}","templated":true}]}}