{"id":3150,"date":"2023-03-28T02:32:12","date_gmt":"2023-03-28T02:32:12","guid":{"rendered":"https:\/\/valitec.co\/sitioweb\/?post_type=product&#038;p=3150"},"modified":"2023-03-28T02:32:20","modified_gmt":"2023-03-28T02:32:20","slug":"suprawax-280","status":"publish","type":"product","link":"https:\/\/valitec.co\/sitioweb\/product\/suprawax-280\/","title":{"rendered":"SupraWAX-280"},"content":{"rendered":"<p>Fases equivalentes\u00a0<strong>SupraWAX-280<\/strong><\/p>\n<p>Agilent:\u00a0<strong>DB-WAX etr<\/strong><br \/>\nSupelco:\u00a0<strong>Supelcowax\u2122 10<\/strong><br \/>\nSGE:\u00a0<strong>SolGel-WAX<\/strong><\/p>\n<h3><a href=\"https:\/\/www.teknokroma.es\/media\/3788\/suprawax-280_cat.pdf\" rel=\"nofollow noopener\" target=\"_blank\">Descarga<\/a><\/h3>\n<p>Fabricante:<\/p>\n<p><img decoding=\"async\" class=\"alignnone size-full wp-image-3114\" src=\"https:\/\/valitec.co\/sitioweb\/wp-content\/uploads\/2023\/03\/teckno.png\" alt=\"\" width=\"243\" height=\"66\" srcset=\"https:\/\/valitec.co\/sitioweb\/wp-content\/uploads\/2023\/03\/teckno.png 243w, https:\/\/valitec.co\/sitioweb\/wp-content\/uploads\/2023\/03\/teckno-90x24.png 90w\" sizes=\"(max-width: 243px) 100vw, 243px\" \/><\/p>\n","protected":false},"excerpt":{"rendered":"<p>\u2022\u00a0Columna de alta polaridad<br \/>\n\u2022\u00a0Fase pr\u00e1cticamente equivalente a la fase USP G16<br \/>\n\u2022\u00a0Amplio rango de temperaturas y alta estabilidad t\u00e9rmica (35\u00baC-280\u00baC)<br \/>\n\u2022\u00a0Compatible con las inyecciones de agua y metanol, siempre que estos disolventes se vaporicen completamente.<br \/>\ncuando entran en la columna.<br \/>\n\u2022\u00a0La reproducibilidad entre las columnas est\u00e1 garantizada<br \/>\n\u2022\u00a0Columna utilizada para el an\u00e1lisis de \u00e9steres met\u00edlicos de \u00e1cidos grasos (FAME ) disolventes, fragancias, alcoholes y<br \/>\ncompuestos arom\u00e1ticos en la industria alimentaria, de sabores y fragancias.<\/p>\n<p><img decoding=\"async\" src=\"https:\/\/www.teknokroma.es\/media\/1463\/suprawax-280_struct.jpg?width=234&amp;height=57\" alt=\"Las Columnas Capilares de Teknokroma SupraWax-280, polares, tienen la estructura Polietilenglicol, y s\u00f3n compatibles con Supelco: SUPELCOWAX\u2122 10, y Restek: Stabilwax DB\" data-id=\"6523\" \/><\/p>\n<p>100% polietilenglicol (PEG), fase entrecruzada y ligada<\/p>\n","protected":false},"featured_media":3141,"template":"","meta":{"_eb_attr":""},"product_brand":[],"product_cat":[86],"product_tag":[],"class_list":{"0":"post-3150","1":"product","2":"type-product","3":"status-publish","4":"has-post-thumbnail","6":"product_cat-columnas-de-silice-fundida","8":"first","9":"instock","10":"shipping-taxable","11":"product-type-simple"},"_links":{"self":[{"href":"https:\/\/valitec.co\/sitioweb\/wp-json\/wp\/v2\/product\/3150","targetHints":{"allow":["GET"]}}],"collection":[{"href":"https:\/\/valitec.co\/sitioweb\/wp-json\/wp\/v2\/product"}],"about":[{"href":"https:\/\/valitec.co\/sitioweb\/wp-json\/wp\/v2\/types\/product"}],"wp:featuredmedia":[{"embeddable":true,"href":"https:\/\/valitec.co\/sitioweb\/wp-json\/wp\/v2\/media\/3141"}],"wp:attachment":[{"href":"https:\/\/valitec.co\/sitioweb\/wp-json\/wp\/v2\/media?parent=3150"}],"wp:term":[{"taxonomy":"product_brand","embeddable":true,"href":"https:\/\/valitec.co\/sitioweb\/wp-json\/wp\/v2\/product_brand?post=3150"},{"taxonomy":"product_cat","embeddable":true,"href":"https:\/\/valitec.co\/sitioweb\/wp-json\/wp\/v2\/product_cat?post=3150"},{"taxonomy":"product_tag","embeddable":true,"href":"https:\/\/valitec.co\/sitioweb\/wp-json\/wp\/v2\/product_tag?post=3150"}],"curies":[{"name":"wp","href":"https:\/\/api.w.org\/{rel}","templated":true}]}}