{"id":3149,"date":"2023-03-28T02:30:00","date_gmt":"2023-03-28T02:30:00","guid":{"rendered":"https:\/\/valitec.co\/sitioweb\/?post_type=product&#038;p=3149"},"modified":"2023-03-28T02:30:28","modified_gmt":"2023-03-28T02:30:28","slug":"trb-wax","status":"publish","type":"product","link":"https:\/\/valitec.co\/sitioweb\/product\/trb-wax\/","title":{"rendered":"TRB-WAX"},"content":{"rendered":"<p>Fases equivalentes\u00a0<strong>TRB-WAX<\/strong><\/p>\n<p>Agilent:\u00a0<strong>HP-INNOWAX, DB-WAX, CP-WAX 52 CB,<\/strong><br \/>\n<strong>HP-20M, HP-WAX<\/strong><br \/>\nSupelco:\u00a0<strong>Carbowax 20M<\/strong><br \/>\nRestek:\u00a0<strong>STABILWAX, Rtx-WAX<\/strong><br \/>\nSGE:<strong>\u00a0BP20<\/strong><br \/>\nPhenomenex:<strong>\u00a0ZB-WAX<\/strong><\/p>\n<h3><a href=\"https:\/\/www.teknokroma.es\/media\/3333\/trb-wax_cat.pdf\" rel=\"nofollow noopener\" target=\"_blank\">Descarga<\/a><\/h3>\n<p>Fabricante:<\/p>\n<p><img decoding=\"async\" class=\"alignnone size-full wp-image-3114\" src=\"https:\/\/valitec.co\/sitioweb\/wp-content\/uploads\/2023\/03\/teckno.png\" alt=\"\" width=\"243\" height=\"66\" srcset=\"https:\/\/valitec.co\/sitioweb\/wp-content\/uploads\/2023\/03\/teckno.png 243w, https:\/\/valitec.co\/sitioweb\/wp-content\/uploads\/2023\/03\/teckno-90x24.png 90w\" sizes=\"(max-width: 243px) 100vw, 243px\" \/><\/p>\n","protected":false},"excerpt":{"rendered":"<p>\u2022 Esta columna cumple todos los requisitos de los m\u00e9todos:\u00a0<strong>USP 14<\/strong>,\u00a0<strong>15<\/strong>,\u00a0<strong>16<\/strong>,\u00a0<strong>20<\/strong>,\u00a0<strong>39<\/strong><br \/>\n\u2022 Esta columna cumple todos los requisitos de los m\u00e9todos:\u00a0<strong>EPA 603<\/strong><br \/>\n\u2022 Columna de polaridad alta.<br \/>\n\u2022 Amplio rango de temperaturas de trabajo y estabilidad t\u00e9rmica elevada (270\u00baC).<br \/>\n\u2022 Ideal para la separaci\u00f3n de alcoholes, aldehidos, cetonas e is\u00f3meros arom\u00e1ticos (BTX).<br \/>\n<img decoding=\"async\" src=\"https:\/\/www.teknokroma.es\/media\/1433\/trb-wax_struct.jpg?width=250&amp;height=61\" alt=\"Las Columnas Capilares de Teknokroma TRB-WAX, polares, tienen la estructura Estructura Polietilenglicol, y s\u00f3n compatibles con Agilent: HP-20M, INNOWAX, DB-WAX, DB-WAXetr; Supelco: SUPELCOWAX-10, Carbowax 20M; Restek: STABILWAX; Varian: CP-WAX 52CB; SGE: BP-20; Alltech: AT-WAX\" data-id=\"6364\" \/><\/p>\n<p>100% polietilenglicol (PEG), fase entrecruzada y ligada<\/p>\n<p>Columnas de uso general para:\u00a0<strong>amplia gama de uso<\/strong>,\u00a0<strong>vol\u00e1tiles<\/strong>,\u00a0<strong>VOCs<\/strong>,\u00a0<strong>FAMEs<\/strong><br \/>\nEsta columna es excelente para\u00a0<strong>impurezas<\/strong>\u00a0en\u00a0<strong>hidrocarburos arom\u00e1ticos monoc\u00edclicos<\/strong>, composici\u00f3n de\u00a0<strong>trementina<\/strong>, pureza de\u00a0<strong>metil isobutil cetona<\/strong><br \/>\nIdeal para la separaci\u00f3n de\u00a0<strong>alcoholes<\/strong>,\u00a0<strong>aldehidos<\/strong>,\u00a0<strong>cetonas<\/strong>, e\u00a0<strong>is\u00f3meros arom\u00e1ticos (BTX)<\/strong><\/p>\n","protected":false},"featured_media":3144,"template":"","meta":{"_eb_attr":""},"product_brand":[],"product_cat":[86],"product_tag":[],"class_list":{"0":"post-3149","1":"product","2":"type-product","3":"status-publish","4":"has-post-thumbnail","6":"product_cat-columnas-de-silice-fundida","8":"first","9":"instock","10":"shipping-taxable","11":"product-type-simple"},"_links":{"self":[{"href":"https:\/\/valitec.co\/sitioweb\/wp-json\/wp\/v2\/product\/3149","targetHints":{"allow":["GET"]}}],"collection":[{"href":"https:\/\/valitec.co\/sitioweb\/wp-json\/wp\/v2\/product"}],"about":[{"href":"https:\/\/valitec.co\/sitioweb\/wp-json\/wp\/v2\/types\/product"}],"wp:featuredmedia":[{"embeddable":true,"href":"https:\/\/valitec.co\/sitioweb\/wp-json\/wp\/v2\/media\/3144"}],"wp:attachment":[{"href":"https:\/\/valitec.co\/sitioweb\/wp-json\/wp\/v2\/media?parent=3149"}],"wp:term":[{"taxonomy":"product_brand","embeddable":true,"href":"https:\/\/valitec.co\/sitioweb\/wp-json\/wp\/v2\/product_brand?post=3149"},{"taxonomy":"product_cat","embeddable":true,"href":"https:\/\/valitec.co\/sitioweb\/wp-json\/wp\/v2\/product_cat?post=3149"},{"taxonomy":"product_tag","embeddable":true,"href":"https:\/\/valitec.co\/sitioweb\/wp-json\/wp\/v2\/product_tag?post=3149"}],"curies":[{"name":"wp","href":"https:\/\/api.w.org\/{rel}","templated":true}]}}