{"id":3147,"date":"2023-03-28T02:26:05","date_gmt":"2023-03-28T02:26:05","guid":{"rendered":"https:\/\/valitec.co\/sitioweb\/?post_type=product&#038;p=3147"},"modified":"2023-03-28T02:26:05","modified_gmt":"2023-03-28T02:26:05","slug":"trb-wax-db","status":"publish","type":"product","link":"https:\/\/valitec.co\/sitioweb\/product\/trb-wax-db\/","title":{"rendered":"TRB-WAX.DB"},"content":{"rendered":"<p>Fases equivalentes\u00a0<strong>TRB-WAX.DB<\/strong><\/p>\n<p>Agilent:\u00a0<strong>CAM, HP-BasicWax, CP-WAX 51 CB for Amines<\/strong><br \/>\n<strong>CP-WAX for Volatile Amines<\/strong><br \/>\nSupelco:\u00a0<strong>Carbowax-Amine<\/strong><br \/>\nRestek:\u00a0<strong>Stabilwax-DB<\/strong><\/p>\n<h3><a href=\"https:\/\/www.teknokroma.es\/media\/3335\/tr-waxdb_cat.pdf\" rel=\"nofollow noopener\" target=\"_blank\">Descargas<\/a><\/h3>\n<p>Fabricante:<\/p>\n<p><img decoding=\"async\" class=\"alignnone size-full wp-image-3114\" src=\"https:\/\/valitec.co\/sitioweb\/wp-content\/uploads\/2023\/03\/teckno.png\" alt=\"\" width=\"243\" height=\"66\" srcset=\"https:\/\/valitec.co\/sitioweb\/wp-content\/uploads\/2023\/03\/teckno.png 243w, https:\/\/valitec.co\/sitioweb\/wp-content\/uploads\/2023\/03\/teckno-90x24.png 90w\" sizes=\"(max-width: 243px) 100vw, 243px\" \/><\/p>\n","protected":false},"excerpt":{"rendered":"<p><span class=\"textcontent\">\u2022 polietilenglicol(PEG) desactivado para bases.<br \/>\n\u2022 Excelente para el an\u00e1lisis de compuestos b\u00e1sicos sin derivatizar.<br \/>\n\u2022 Ideal para la separaci\u00f3n de aminas y nitrosoaminas.<\/span><br \/>\n<img decoding=\"async\" src=\"https:\/\/www.teknokroma.es\/media\/1439\/trb-ffap_struct.jpg?width=217&amp;height=53\" alt=\"Las Columnas Capilares de Teknokroma TRB-FFAP, polares, tienen la estructura Polietilenglicol, y s\u00f3n compatibles con Agilent: HP-FFAP, DB-FFAP; Supelco: NUKOL, SP-1000; Restek: STABILWAX-DA; Varian: CP-WAX 58 CB; SGE: BP-21; Alltech: AT-1000, FFAP; Quadrex: 007-FFAP\" data-id=\"6414\" \/><\/p>\n<p>100% polietilenglicol (PEG) desactivado b\u00e1sico, fase no ligada<\/p>\n<p>Columnas espec\u00edficas para el an\u00e1lisi de aminas sin derivatizar, y otros compuestos b\u00e1sicos,\u00a0<strong>alquilaminas<\/strong>,\u00a0<strong>diaminas<\/strong>,\u00a0<strong>triaminas<\/strong>,\u00a0<strong>heteroc\u00edclicos<\/strong>\u00a0que contienen nitr\u00f3geno.<br \/>\nEsta columna en base\u00a0<strong>desactivada<\/strong>\u00a0ha sido dise\u00f1ada especialmente para el an\u00e1lisis de\u00a0<strong>aminas<\/strong>\u00a0primarias, secundarias y terciarias, as\u00ed como otros\u00a0<strong>compuestos b\u00e1sicos vol\u00e1tiles<\/strong><br \/>\nNo es necesario cebar la columna.<br \/>\nAlgunos an\u00e1lisis\u00a0<strong>FAME<\/strong>,\u00a0<strong>fragancias<\/strong>,\u00a0<strong>cosm\u00e9ticos<\/strong>:\u00a0<strong>alcoholes<\/strong>, compuestos\u00a0<strong>arom\u00e1ticos<\/strong>, industria\u00a0<strong>alimentaria<\/strong>, an\u00e1lisis de\u00a0<strong>sabores<\/strong>.<\/p>\n","protected":false},"featured_media":3107,"template":"","meta":{"_eb_attr":""},"product_brand":[],"product_cat":[86],"product_tag":[],"class_list":{"0":"post-3147","1":"product","2":"type-product","3":"status-publish","4":"has-post-thumbnail","6":"product_cat-columnas-de-silice-fundida","8":"first","9":"instock","10":"shipping-taxable","11":"product-type-simple"},"_links":{"self":[{"href":"https:\/\/valitec.co\/sitioweb\/wp-json\/wp\/v2\/product\/3147","targetHints":{"allow":["GET"]}}],"collection":[{"href":"https:\/\/valitec.co\/sitioweb\/wp-json\/wp\/v2\/product"}],"about":[{"href":"https:\/\/valitec.co\/sitioweb\/wp-json\/wp\/v2\/types\/product"}],"wp:featuredmedia":[{"embeddable":true,"href":"https:\/\/valitec.co\/sitioweb\/wp-json\/wp\/v2\/media\/3107"}],"wp:attachment":[{"href":"https:\/\/valitec.co\/sitioweb\/wp-json\/wp\/v2\/media?parent=3147"}],"wp:term":[{"taxonomy":"product_brand","embeddable":true,"href":"https:\/\/valitec.co\/sitioweb\/wp-json\/wp\/v2\/product_brand?post=3147"},{"taxonomy":"product_cat","embeddable":true,"href":"https:\/\/valitec.co\/sitioweb\/wp-json\/wp\/v2\/product_cat?post=3147"},{"taxonomy":"product_tag","embeddable":true,"href":"https:\/\/valitec.co\/sitioweb\/wp-json\/wp\/v2\/product_tag?post=3147"}],"curies":[{"name":"wp","href":"https:\/\/api.w.org\/{rel}","templated":true}]}}