{"id":3132,"date":"2023-03-27T22:39:52","date_gmt":"2023-03-27T22:39:52","guid":{"rendered":"https:\/\/valitec.co\/sitioweb\/?post_type=product&#038;p=3132"},"modified":"2023-03-27T23:11:19","modified_gmt":"2023-03-27T23:11:19","slug":"tr-tcep","status":"publish","type":"product","link":"https:\/\/valitec.co\/sitioweb\/product\/tr-tcep\/","title":{"rendered":"TR-TCEP"},"content":{"rendered":"<p><span class=\"textsubtitle_style\">Fases equivalentes\u00a0<strong>TR-TCEP<\/strong><br \/>\n<\/span><br \/>\nAgilent:\u00a0<strong>CP-TCEP<\/strong><br \/>\nSupelco:\u00a0<strong>TCEP<\/strong><br \/>\nRestek:<strong>\u00a0Rt-TCEP<\/strong><\/p>\n<h3><a href=\"https:\/\/www.teknokroma.es\/media\/3344\/tr-tcep_cat.pdf\" rel=\"nofollow noopener\" target=\"_blank\">Descarga<\/a><\/h3>\n<p>Fabricante<\/p>\n<p><img decoding=\"async\" class=\"alignnone size-full wp-image-3114\" src=\"https:\/\/valitec.co\/sitioweb\/wp-content\/uploads\/2023\/03\/teckno.png\" alt=\"\" width=\"243\" height=\"66\" srcset=\"https:\/\/valitec.co\/sitioweb\/wp-content\/uploads\/2023\/03\/teckno.png 243w, https:\/\/valitec.co\/sitioweb\/wp-content\/uploads\/2023\/03\/teckno-90x24.png 90w\" sizes=\"(max-width: 243px) 100vw, 243px\" \/><\/p>\n","protected":false},"excerpt":{"rendered":"<p>\u2022 Columna de polaridad alta.<br \/>\n\u2022 Columna para el an\u00e1lisis de alcoholes en gasolina.<br \/>\n\u2022 Separaci\u00f3n de los hidrocarburos alif\u00e1ticos hasta C12 antes de la eluci\u00f3n de los\u00a0arom\u00e1ticos.<\/p>\n","protected":false},"featured_media":3107,"template":"","meta":{"_eb_attr":""},"product_brand":[],"product_cat":[86],"product_tag":[],"class_list":{"0":"post-3132","1":"product","2":"type-product","3":"status-publish","4":"has-post-thumbnail","6":"product_cat-columnas-de-silice-fundida","8":"first","9":"instock","10":"shipping-taxable","11":"product-type-simple"},"_links":{"self":[{"href":"https:\/\/valitec.co\/sitioweb\/wp-json\/wp\/v2\/product\/3132","targetHints":{"allow":["GET"]}}],"collection":[{"href":"https:\/\/valitec.co\/sitioweb\/wp-json\/wp\/v2\/product"}],"about":[{"href":"https:\/\/valitec.co\/sitioweb\/wp-json\/wp\/v2\/types\/product"}],"wp:featuredmedia":[{"embeddable":true,"href":"https:\/\/valitec.co\/sitioweb\/wp-json\/wp\/v2\/media\/3107"}],"wp:attachment":[{"href":"https:\/\/valitec.co\/sitioweb\/wp-json\/wp\/v2\/media?parent=3132"}],"wp:term":[{"taxonomy":"product_brand","embeddable":true,"href":"https:\/\/valitec.co\/sitioweb\/wp-json\/wp\/v2\/product_brand?post=3132"},{"taxonomy":"product_cat","embeddable":true,"href":"https:\/\/valitec.co\/sitioweb\/wp-json\/wp\/v2\/product_cat?post=3132"},{"taxonomy":"product_tag","embeddable":true,"href":"https:\/\/valitec.co\/sitioweb\/wp-json\/wp\/v2\/product_tag?post=3132"}],"curies":[{"name":"wp","href":"https:\/\/api.w.org\/{rel}","templated":true}]}}