{"id":3131,"date":"2023-03-27T22:20:19","date_gmt":"2023-03-27T22:20:19","guid":{"rendered":"https:\/\/valitec.co\/sitioweb\/?post_type=product&#038;p=3131"},"modified":"2023-03-27T22:44:05","modified_gmt":"2023-03-27T22:44:05","slug":"metablood-1","status":"publish","type":"product","link":"https:\/\/valitec.co\/sitioweb\/product\/metablood-1\/","title":{"rendered":"MetaBLOOD 1"},"content":{"rendered":"<p><span class=\"textsubtitle_style\">Fases equivalentes\u00a0<strong>MetaBLOOD 1<\/strong><br \/>\n<\/span><br \/>\nAgilent:<strong>\u00a0DB-ALC1<\/strong><br \/>\nRestek:<strong>\u00a0Rtx-BAC1, Rtx-BAC 1 Plus<\/strong><br \/>\nPhenomenex:\u00a0<strong>ZB-BAC1<\/strong><\/p>\n<h3><a href=\"https:\/\/www.teknokroma.es\/media\/3345\/metablood-1_cat.pdf\" rel=\"nofollow noopener\" target=\"_blank\">descargas<\/a><\/h3>\n<p>Fabricante:<\/p>\n<p><img decoding=\"async\" class=\"alignnone size-full wp-image-3114\" src=\"https:\/\/valitec.co\/sitioweb\/wp-content\/uploads\/2023\/03\/teckno.png\" alt=\"\" width=\"243\" height=\"66\" srcset=\"https:\/\/valitec.co\/sitioweb\/wp-content\/uploads\/2023\/03\/teckno.png 243w, https:\/\/valitec.co\/sitioweb\/wp-content\/uploads\/2023\/03\/teckno-90x24.png 90w\" sizes=\"(max-width: 243px) 100vw, 243px\" \/><\/p>\n","protected":false},"excerpt":{"rendered":"<p>\u2022 Para an\u00e1lisis de vol\u00e1tiles en fluidos biol\u00f3gicos.<br \/>\n\u2022 Tiempos de an\u00e1lisis extremadamente cortos.<br \/>\n\u2022 Posibilidad de utilizaci\u00f3n en sistema dual, como columna anal\u00edtica y de confirmaci\u00f3n.<br \/>\n\u2022 Orden de eluci\u00f3n diferente respecto a la\u00a0MetaBLOOD 2 para algunos compuestos.<\/p>\n","protected":false},"featured_media":3107,"template":"","meta":{"_eb_attr":""},"product_brand":[],"product_cat":[86],"product_tag":[],"class_list":{"0":"post-3131","1":"product","2":"type-product","3":"status-publish","4":"has-post-thumbnail","6":"product_cat-columnas-de-silice-fundida","8":"first","9":"instock","10":"shipping-taxable","11":"product-type-simple"},"_links":{"self":[{"href":"https:\/\/valitec.co\/sitioweb\/wp-json\/wp\/v2\/product\/3131","targetHints":{"allow":["GET"]}}],"collection":[{"href":"https:\/\/valitec.co\/sitioweb\/wp-json\/wp\/v2\/product"}],"about":[{"href":"https:\/\/valitec.co\/sitioweb\/wp-json\/wp\/v2\/types\/product"}],"wp:featuredmedia":[{"embeddable":true,"href":"https:\/\/valitec.co\/sitioweb\/wp-json\/wp\/v2\/media\/3107"}],"wp:attachment":[{"href":"https:\/\/valitec.co\/sitioweb\/wp-json\/wp\/v2\/media?parent=3131"}],"wp:term":[{"taxonomy":"product_brand","embeddable":true,"href":"https:\/\/valitec.co\/sitioweb\/wp-json\/wp\/v2\/product_brand?post=3131"},{"taxonomy":"product_cat","embeddable":true,"href":"https:\/\/valitec.co\/sitioweb\/wp-json\/wp\/v2\/product_cat?post=3131"},{"taxonomy":"product_tag","embeddable":true,"href":"https:\/\/valitec.co\/sitioweb\/wp-json\/wp\/v2\/product_tag?post=3131"}],"curies":[{"name":"wp","href":"https:\/\/api.w.org\/{rel}","templated":true}]}}