{"id":3116,"date":"2023-03-27T18:52:36","date_gmt":"2023-03-27T18:52:36","guid":{"rendered":"https:\/\/valitec.co\/sitioweb\/?post_type=product&#038;p=3116"},"modified":"2023-03-27T18:52:36","modified_gmt":"2023-03-27T18:52:36","slug":"sapiens-wax-ht-3","status":"publish","type":"product","link":"https:\/\/valitec.co\/sitioweb\/product\/sapiens-wax-ht-3\/","title":{"rendered":"SAPIENS-WAX.HT"},"content":{"rendered":"<p>Fases equivalentes\u00a0<strong>SAPIENS-WAX.HT<\/strong><\/p>\n<p>\u2022\u00a0SGE:\u00a0<strong>Sol-GEL-WAX<\/strong><\/p>\n<h3><a href=\"https:\/\/www.teknokroma.es\/media\/3707\/sapiens-waxht_cat.pdf\" rel=\"nofollow noopener\" target=\"_blank\">Descargas<\/a><\/h3>\n<p>Fabricante<\/p>\n<p><img decoding=\"async\" class=\"alignnone size-full wp-image-3114\" src=\"https:\/\/valitec.co\/sitioweb\/wp-content\/uploads\/2023\/03\/teckno.png\" alt=\"\" width=\"243\" height=\"66\" srcset=\"https:\/\/valitec.co\/sitioweb\/wp-content\/uploads\/2023\/03\/teckno.png 243w, https:\/\/valitec.co\/sitioweb\/wp-content\/uploads\/2023\/03\/teckno-90x24.png 90w\" sizes=\"(max-width: 243px) 100vw, 243px\" \/><\/p>\n","protected":false},"excerpt":{"rendered":"<p>\u2022 Espec\u00edficamente dise\u00f1ada para el an\u00e1lisis r\u00e1pido de GC y GC x GC.<br \/>\n\u2022 MSP de alto rendimiento.<br \/>\n\u2022 No hay degradaci\u00f3n de la fase estacionaria a 300\u00baC.<\/p>\n<p><img decoding=\"async\" src=\"https:\/\/www.teknokroma.es\/media\/1222\/estructura_sapiens-wax_ht.jpg?width=500&amp;height=122.02852614896989\" alt=\"Las Columnas Capilares Sapiens-Wax.ht de Teknokroma, tienen una Estructura de Polyethylene glycol, y s\u00f3n equivalentes a las fases: Mega: MEGA-WAX HT\" width=\"214\" height=\"52\" data-id=\"5370\" \/><\/p>\n<p>100% polietilenglicol, fase ligada y entrecruzada<\/p>\n","protected":false},"featured_media":3107,"template":"","meta":{"_eb_attr":""},"product_brand":[],"product_cat":[85],"product_tag":[],"class_list":{"0":"post-3116","1":"product","2":"type-product","3":"status-publish","4":"has-post-thumbnail","6":"product_cat-cromatografia-de-gases","8":"first","9":"instock","10":"shipping-taxable","11":"product-type-simple"},"_links":{"self":[{"href":"https:\/\/valitec.co\/sitioweb\/wp-json\/wp\/v2\/product\/3116","targetHints":{"allow":["GET"]}}],"collection":[{"href":"https:\/\/valitec.co\/sitioweb\/wp-json\/wp\/v2\/product"}],"about":[{"href":"https:\/\/valitec.co\/sitioweb\/wp-json\/wp\/v2\/types\/product"}],"wp:featuredmedia":[{"embeddable":true,"href":"https:\/\/valitec.co\/sitioweb\/wp-json\/wp\/v2\/media\/3107"}],"wp:attachment":[{"href":"https:\/\/valitec.co\/sitioweb\/wp-json\/wp\/v2\/media?parent=3116"}],"wp:term":[{"taxonomy":"product_brand","embeddable":true,"href":"https:\/\/valitec.co\/sitioweb\/wp-json\/wp\/v2\/product_brand?post=3116"},{"taxonomy":"product_cat","embeddable":true,"href":"https:\/\/valitec.co\/sitioweb\/wp-json\/wp\/v2\/product_cat?post=3116"},{"taxonomy":"product_tag","embeddable":true,"href":"https:\/\/valitec.co\/sitioweb\/wp-json\/wp\/v2\/product_tag?post=3116"}],"curies":[{"name":"wp","href":"https:\/\/api.w.org\/{rel}","templated":true}]}}