{"id":3108,"date":"2023-03-27T18:27:09","date_gmt":"2023-03-27T18:27:09","guid":{"rendered":"https:\/\/valitec.co\/sitioweb\/?post_type=product&#038;p=3108"},"modified":"2023-03-27T19:11:42","modified_gmt":"2023-03-27T19:11:42","slug":"sapiens-x5ms-2","status":"publish","type":"product","link":"https:\/\/valitec.co\/sitioweb\/product\/sapiens-x5ms-2\/","title":{"rendered":"SAPIENS-X5MS"},"content":{"rendered":"<p><span class=\"textsubtitle_style\">Fases Equivalentes a\u00a0<strong>SAPIENS-X5MS<\/strong>:<br \/>\n<\/span><br \/>\nAgilent:<strong>\u00a0DB-5MS UI, VF-5MS<\/strong><br \/>\nRestek:<strong>\u00a0Rxi-5Sil MS<\/strong><br \/>\nPhenomenex:\u00a0<strong>ZB-5Plus<\/strong><br \/>\nSGE:\u00a0<strong>BPX5<\/strong><br \/>\nSigma-Aldrich:<strong>\u00a0SLB-5MS<\/strong><br \/>\nMacherey-Nagel:\u00a0<strong>OPTIMA-5MS Accent<\/strong><\/p>\n<h3><a href=\"https:\/\/www.teknokroma.es\/media\/3705\/sapiens-x5ms_cat.pdf\" rel=\"nofollow noopener\" target=\"_blank\">Descarga<\/a><\/h3>\n<p>fabricante:<\/p>\n<p><img decoding=\"async\" class=\"alignnone size-full wp-image-3114\" src=\"https:\/\/valitec.co\/sitioweb\/wp-content\/uploads\/2023\/03\/teckno.png\" alt=\"\" width=\"243\" height=\"66\" srcset=\"https:\/\/valitec.co\/sitioweb\/wp-content\/uploads\/2023\/03\/teckno.png 243w, https:\/\/valitec.co\/sitioweb\/wp-content\/uploads\/2023\/03\/teckno-90x24.png 90w\" sizes=\"(max-width: 243px) 100vw, 243px\" \/><\/p>\n","protected":false},"excerpt":{"rendered":"<p>\u2022 Columna ideal para compuestos semivol\u00e1tiles.<br \/>\n\u2022 selectividad similar a la de Meta.X5.<br \/>\n\u2022 La nueva generaci\u00f3n de columnas incorpora grupos arileno en la estructura<br \/>\ndel pol\u00edmero para proporcionar una mejor estabilidad t\u00e9rmica, un bajo<br \/>\nsangrado de la columna y una resoluci\u00f3n \u00f3ptima para los compuestos arom\u00e1ticos.<br \/>\n\u2022 Un riguroso control de calidad garantiza una total y \u00f3ptima relaci\u00f3n se\u00f1al\/ruido<br \/>\npara los compuestos m\u00e1s activos como 2,4-dinitroferol, 4-nitroanilina y pentaclorofenol<br \/>\nque normalmente sufren problemas de adsorci\u00f3n.<\/p>\n<p><img decoding=\"async\" src=\"https:\/\/www.teknokroma.es\/media\/1195\/estructura-sapiens-x5ms.jpg?width=299&amp;height=97\" alt=\"Las Columnas Capilares Sapiens-X5ms de Teknokroma, tienen una Estructura Polisiloxano con&amp;nbsp;p-silfenileno, y s\u00f3n equivalentes a las fases: Agilent: DB-5MS Ultra Inert, VF-5MS, Restek: Rxi-5Sil MS, Phenomenex: ZB-5MS, Supelco: SLB-5ms, y otros: BP-5MS, BP-X5, Optima-5 MS Accent\" data-id=\"5265\" \/><\/p>\n<p>polisiloxano con p-silfenileno, fase ligada y entrecruzada<\/p>\n","protected":false},"featured_media":3107,"template":"","meta":{"_eb_attr":""},"product_brand":[],"product_cat":[85],"product_tag":[],"class_list":{"0":"post-3108","1":"product","2":"type-product","3":"status-publish","4":"has-post-thumbnail","6":"product_cat-cromatografia-de-gases","8":"first","9":"instock","10":"shipping-taxable","11":"product-type-simple"},"_links":{"self":[{"href":"https:\/\/valitec.co\/sitioweb\/wp-json\/wp\/v2\/product\/3108","targetHints":{"allow":["GET"]}}],"collection":[{"href":"https:\/\/valitec.co\/sitioweb\/wp-json\/wp\/v2\/product"}],"about":[{"href":"https:\/\/valitec.co\/sitioweb\/wp-json\/wp\/v2\/types\/product"}],"wp:featuredmedia":[{"embeddable":true,"href":"https:\/\/valitec.co\/sitioweb\/wp-json\/wp\/v2\/media\/3107"}],"wp:attachment":[{"href":"https:\/\/valitec.co\/sitioweb\/wp-json\/wp\/v2\/media?parent=3108"}],"wp:term":[{"taxonomy":"product_brand","embeddable":true,"href":"https:\/\/valitec.co\/sitioweb\/wp-json\/wp\/v2\/product_brand?post=3108"},{"taxonomy":"product_cat","embeddable":true,"href":"https:\/\/valitec.co\/sitioweb\/wp-json\/wp\/v2\/product_cat?post=3108"},{"taxonomy":"product_tag","embeddable":true,"href":"https:\/\/valitec.co\/sitioweb\/wp-json\/wp\/v2\/product_tag?post=3108"}],"curies":[{"name":"wp","href":"https:\/\/api.w.org\/{rel}","templated":true}]}}