{"id":1650,"date":"2022-11-25T13:35:59","date_gmt":"2022-11-25T13:35:59","guid":{"rendered":"https:\/\/valitec.co\/sitioweb\/?post_type=product&#038;p=1650"},"modified":"2023-03-11T02:24:18","modified_gmt":"2023-03-11T02:24:18","slug":"membranas-de-filtracion-fase-movil","status":"publish","type":"product","link":"https:\/\/valitec.co\/sitioweb\/product\/membranas-de-filtracion-fase-movil\/","title":{"rendered":"Membranas de filtraci\u00f3n Fase m\u00f3vil"},"content":{"rendered":"","protected":false},"excerpt":{"rendered":"<p>Proteja sus instrumentos y columnas eliminando las part\u00edculas y gases de los solventes y otros componentes de fase m\u00f3vil Los filtros de membrana de PVDF y Nylon son resitentes a un amplio rango de solventes aquosos y org\u00e1nicos Las membranas de Celulosa M.E. se usan para filtrar fases moviles aquosas. M.E. Los filtros de membrana de PTFE son ideales para solventes org\u00e1nicos.<\/p>\n","protected":false},"featured_media":1651,"template":"","meta":{"_eb_attr":""},"product_brand":[],"product_cat":[66],"product_tag":[],"class_list":{"0":"post-1650","1":"product","2":"type-product","3":"status-publish","4":"has-post-thumbnail","6":"product_cat-accesorios-para-cromatografia-liquida","8":"first","9":"instock","10":"shipping-taxable","11":"product-type-simple"},"_links":{"self":[{"href":"https:\/\/valitec.co\/sitioweb\/wp-json\/wp\/v2\/product\/1650","targetHints":{"allow":["GET"]}}],"collection":[{"href":"https:\/\/valitec.co\/sitioweb\/wp-json\/wp\/v2\/product"}],"about":[{"href":"https:\/\/valitec.co\/sitioweb\/wp-json\/wp\/v2\/types\/product"}],"wp:featuredmedia":[{"embeddable":true,"href":"https:\/\/valitec.co\/sitioweb\/wp-json\/wp\/v2\/media\/1651"}],"wp:attachment":[{"href":"https:\/\/valitec.co\/sitioweb\/wp-json\/wp\/v2\/media?parent=1650"}],"wp:term":[{"taxonomy":"product_brand","embeddable":true,"href":"https:\/\/valitec.co\/sitioweb\/wp-json\/wp\/v2\/product_brand?post=1650"},{"taxonomy":"product_cat","embeddable":true,"href":"https:\/\/valitec.co\/sitioweb\/wp-json\/wp\/v2\/product_cat?post=1650"},{"taxonomy":"product_tag","embeddable":true,"href":"https:\/\/valitec.co\/sitioweb\/wp-json\/wp\/v2\/product_tag?post=1650"}],"curies":[{"name":"wp","href":"https:\/\/api.w.org\/{rel}","templated":true}]}}