{"id":4524,"date":"2023-05-27T12:32:25","date_gmt":"2023-05-27T12:32:25","guid":{"rendered":"https:\/\/valitec.co\/sitioweb\/?page_id=4524"},"modified":"2023-05-29T17:49:34","modified_gmt":"2023-05-29T17:49:34","slug":"analisis-de-fase-inversa","status":"publish","type":"page","link":"https:\/\/valitec.co\/sitioweb\/analisis-de-fase-inversa\/","title":{"rendered":"AN\u00c1LISIS DE FASE INVERSA"},"content":{"rendered":"\t\t<div data-elementor-type=\"wp-page\" data-elementor-id=\"4524\" class=\"elementor elementor-4524\" data-elementor-post-type=\"page\">\n\t\t\t\t\t\t<section class=\"elementor-section elementor-top-section elementor-element elementor-element-63e66087 elementor-section-boxed elementor-section-height-default elementor-section-height-default\" data-id=\"63e66087\" data-element_type=\"section\" data-e-type=\"section\">\n\t\t\t\t\t\t<div class=\"elementor-container elementor-column-gap-default\">\n\t\t\t\t\t<div class=\"elementor-column elementor-col-100 elementor-top-column elementor-element elementor-element-3338f44d\" data-id=\"3338f44d\" data-element_type=\"column\" data-e-type=\"column\">\n\t\t\t<div class=\"elementor-widget-wrap elementor-element-populated\">\n\t\t\t\t\t\t<div class=\"elementor-element elementor-element-57765d46 elementor-widget elementor-widget-text-editor\" data-id=\"57765d46\" data-element_type=\"widget\" data-e-type=\"widget\" data-widget_type=\"text-editor.default\">\n\t\t\t\t<div class=\"elementor-widget-container\">\n\t\t\t\t\t\t\t\t\t\n<figure class=\"wp-block-image\"><img decoding=\"async\" src=\"https:\/\/cdn.conciseseparations.com\/public\/18\/Thumbnail.ICE-99-5861-1.jpg\" alt=\"\"\/><\/figure>\n\t\t\t\t\t\t\t\t<\/div>\n\t\t\t\t<\/div>\n\t\t\t\t\t<\/div>\n\t\t<\/div>\n\t\t\t\t\t<\/div>\n\t\t<\/section>\n\t\t\t\t<section class=\"elementor-section elementor-top-section elementor-element elementor-element-21b4d28 elementor-section-boxed elementor-section-height-default elementor-section-height-default\" data-id=\"21b4d28\" data-element_type=\"section\" data-e-type=\"section\">\n\t\t\t\t\t\t<div class=\"elementor-container elementor-column-gap-default\">\n\t\t\t\t\t<div class=\"elementor-column elementor-col-100 elementor-top-column elementor-element elementor-element-852fbdb\" data-id=\"852fbdb\" data-element_type=\"column\" data-e-type=\"column\">\n\t\t\t<div class=\"elementor-widget-wrap elementor-element-populated\">\n\t\t\t\t\t\t<div class=\"elementor-element elementor-element-b3d5656 elementor-widget elementor-widget-heading\" data-id=\"b3d5656\" data-element_type=\"widget\" data-e-type=\"widget\" data-widget_type=\"heading.default\">\n\t\t\t\t<div class=\"elementor-widget-container\">\n\t\t\t\t\t<h2 class=\"elementor-heading-title elementor-size-default\">AN\u00c1LISIS DE FASE INVERSA<\/h2>\t\t\t\t<\/div>\n\t\t\t\t<\/div>\n\t\t\t\t\t<\/div>\n\t\t<\/div>\n\t\t\t\t\t<\/div>\n\t\t<\/section>\n\t\t\t\t<section class=\"elementor-section elementor-top-section elementor-element elementor-element-3d9361c elementor-section-boxed elementor-section-height-default elementor-section-height-default\" data-id=\"3d9361c\" data-element_type=\"section\" data-e-type=\"section\">\n\t\t\t\t\t\t<div class=\"elementor-container elementor-column-gap-default\">\n\t\t\t\t\t<div class=\"elementor-column elementor-col-100 elementor-top-column elementor-element elementor-element-c3594a9\" data-id=\"c3594a9\" data-element_type=\"column\" data-e-type=\"column\">\n\t\t\t<div class=\"elementor-widget-wrap elementor-element-populated\">\n\t\t\t\t\t\t<div class=\"elementor-element elementor-element-88e9894 elementor-button-info elementor-widget elementor-widget-button\" data-id=\"88e9894\" data-element_type=\"widget\" data-e-type=\"widget\" data-widget_type=\"button.default\">\n\t\t\t\t<div class=\"elementor-widget-container\">\n\t\t\t\t\t\t\t\t\t<div class=\"elementor-button-wrapper\">\n\t\t\t\t\t<a class=\"elementor-button elementor-button-link elementor-size-sm\" href=\"https:\/\/valitec.co\/sitioweb\/con\/\">\n\t\t\t\t\t\t<span class=\"elementor-button-content-wrapper\">\n\t\t\t\t\t\t\t\t\t<span class=\"elementor-button-text\">Atr\u00e1s<\/span>\n\t\t\t\t\t<\/span>\n\t\t\t\t\t<\/a>\n\t\t\t\t<\/div>\n\t\t\t\t\t\t\t\t<\/div>\n\t\t\t\t<\/div>\n\t\t\t\t<div class=\"elementor-element elementor-element-ff520a3 elementor-widget elementor-widget-spacer\" data-id=\"ff520a3\" data-element_type=\"widget\" data-e-type=\"widget\" data-widget_type=\"spacer.default\">\n\t\t\t\t<div class=\"elementor-widget-container\">\n\t\t\t\t\t\t\t<div class=\"elementor-spacer\">\n\t\t\t<div class=\"elementor-spacer-inner\"><\/div>\n\t\t<\/div>\n\t\t\t\t\t\t<\/div>\n\t\t\t\t<\/div>\n\t\t\t\t\t<\/div>\n\t\t<\/div>\n\t\t\t\t\t<\/div>\n\t\t<\/section>\n\t\t\t\t<section class=\"elementor-section elementor-top-section elementor-element elementor-element-5fcad9d elementor-section-boxed elementor-section-height-default elementor-section-height-default\" data-id=\"5fcad9d\" data-element_type=\"section\" data-e-type=\"section\">\n\t\t\t\t\t\t<div class=\"elementor-container elementor-column-gap-default\">\n\t\t\t\t\t<div class=\"elementor-column elementor-col-100 elementor-top-column elementor-element elementor-element-f0ae68a\" data-id=\"f0ae68a\" data-element_type=\"column\" data-e-type=\"column\">\n\t\t\t<div class=\"elementor-widget-wrap elementor-element-populated\">\n\t\t\t\t\t\t<div class=\"elementor-element elementor-element-454c780 elementor-widget elementor-widget-text-editor\" data-id=\"454c780\" data-element_type=\"widget\" data-e-type=\"widget\" data-widget_type=\"text-editor.default\">\n\t\t\t\t<div class=\"elementor-widget-container\">\n\t\t\t\t\t\t\t\t\t<h6><b><span>La t\u00e9cnica de s\u00edntesis de pol\u00edmeros puros de Polymeric Spheres<\/span><\/b><\/h6>\n<p><br \/><span>Concise Separation da lugar a excepcionales columnas de fase reversa.\u00a0No hay necesidad de blindaje o revestimientos extravagantes, ya que estas esferas altamente entrecruzadas tienen un pH estable de 0 a 14&#8230; para siempre.<\/span><\/p>\n<h6><br \/><b><span>Beneficios<\/span><\/b><\/h6>\n<p><br \/><span>Estabilidad a altas temperaturas<\/span><br \/><span>Esferas incre\u00edblemente limpias: 99,999 % de carbono<\/span><br \/><span>Rangos de tama\u00f1o de perlas ajustados<\/span><\/p>\t\t\t\t\t\t\t\t<\/div>\n\t\t\t\t<\/div>\n\t\t\t\t\t<\/div>\n\t\t<\/div>\n\t\t\t\t\t<\/div>\n\t\t<\/section>\n\t\t\t\t<\/div>\n\t\t","protected":false},"excerpt":{"rendered":"<p>AN\u00c1LISIS DE FASE INVERSA Atr\u00e1s La t\u00e9cnica de s\u00edntesis de pol\u00edmeros puros de Polymeric Spheres Concise Separation da lugar a excepcionales columnas de fase reversa.\u00a0No hay necesidad de blindaje o revestimientos extravagantes, ya que estas esferas altamente entrecruzadas tienen un pH estable de 0 a 14&#8230; para siempre. Beneficios Estabilidad a altas temperaturasEsferas incre\u00edblemente limpias:<\/p>\n<div class=\"klb-readmore\"><a class=\"c-btn\" href=\"https:\/\/valitec.co\/sitioweb\/analisis-de-fase-inversa\/\">Read More <i class=\"far fa-plus\"><\/i><\/a><\/div>\n","protected":false},"author":1,"featured_media":0,"parent":0,"menu_order":0,"comment_status":"closed","ping_status":"closed","template":"","meta":{"_eb_attr":"","footnotes":""},"class_list":["post-4524","page","type-page","status-publish","hentry"],"_links":{"self":[{"href":"https:\/\/valitec.co\/sitioweb\/wp-json\/wp\/v2\/pages\/4524","targetHints":{"allow":["GET"]}}],"collection":[{"href":"https:\/\/valitec.co\/sitioweb\/wp-json\/wp\/v2\/pages"}],"about":[{"href":"https:\/\/valitec.co\/sitioweb\/wp-json\/wp\/v2\/types\/page"}],"author":[{"embeddable":true,"href":"https:\/\/valitec.co\/sitioweb\/wp-json\/wp\/v2\/users\/1"}],"replies":[{"embeddable":true,"href":"https:\/\/valitec.co\/sitioweb\/wp-json\/wp\/v2\/comments?post=4524"}],"version-history":[{"count":8,"href":"https:\/\/valitec.co\/sitioweb\/wp-json\/wp\/v2\/pages\/4524\/revisions"}],"predecessor-version":[{"id":4620,"href":"https:\/\/valitec.co\/sitioweb\/wp-json\/wp\/v2\/pages\/4524\/revisions\/4620"}],"wp:attachment":[{"href":"https:\/\/valitec.co\/sitioweb\/wp-json\/wp\/v2\/media?parent=4524"}],"curies":[{"name":"wp","href":"https:\/\/api.w.org\/{rel}","templated":true}]}}