{"id":4515,"date":"2023-05-27T12:22:05","date_gmt":"2023-05-27T12:22:05","guid":{"rendered":"https:\/\/valitec.co\/sitioweb\/?page_id=4515"},"modified":"2023-05-29T17:43:57","modified_gmt":"2023-05-29T17:43:57","slug":"preparacion-de-la-muestra","status":"publish","type":"page","link":"https:\/\/valitec.co\/sitioweb\/preparacion-de-la-muestra\/","title":{"rendered":"PREPARACI\u00d3N DE LA MUESTRA"},"content":{"rendered":"\t\t<div data-elementor-type=\"wp-page\" data-elementor-id=\"4515\" class=\"elementor elementor-4515\" data-elementor-post-type=\"page\">\n\t\t\t\t\t\t<section class=\"elementor-section elementor-top-section elementor-element elementor-element-108e274f elementor-section-boxed elementor-section-height-default elementor-section-height-default\" data-id=\"108e274f\" data-element_type=\"section\" data-e-type=\"section\">\n\t\t\t\t\t\t<div class=\"elementor-container elementor-column-gap-default\">\n\t\t\t\t\t<div class=\"elementor-column elementor-col-100 elementor-top-column elementor-element elementor-element-1afc5f3c\" data-id=\"1afc5f3c\" data-element_type=\"column\" data-e-type=\"column\">\n\t\t\t<div class=\"elementor-widget-wrap elementor-element-populated\">\n\t\t\t\t\t\t<div class=\"elementor-element elementor-element-56e5a890 elementor-widget elementor-widget-text-editor\" data-id=\"56e5a890\" data-element_type=\"widget\" data-e-type=\"widget\" data-widget_type=\"text-editor.default\">\n\t\t\t\t<div class=\"elementor-widget-container\">\n\t\t\t\t\t\t\t\t\t\n<figure class=\"wp-block-image\"><img decoding=\"async\" src=\"https:\/\/cdn.conciseseparations.com\/public\/19\/RPC-99-2150-2.jpg\" alt=\"\"\/><\/figure>\n\t\t\t\t\t\t\t\t<\/div>\n\t\t\t\t<\/div>\n\t\t\t\t\t<\/div>\n\t\t<\/div>\n\t\t\t\t\t<\/div>\n\t\t<\/section>\n\t\t\t\t<section class=\"elementor-section elementor-top-section elementor-element elementor-element-d5b2cce elementor-section-boxed elementor-section-height-default elementor-section-height-default\" data-id=\"d5b2cce\" data-element_type=\"section\" data-e-type=\"section\">\n\t\t\t\t\t\t<div class=\"elementor-container elementor-column-gap-default\">\n\t\t\t\t\t<div class=\"elementor-column elementor-col-100 elementor-top-column elementor-element elementor-element-7137d9a\" data-id=\"7137d9a\" data-element_type=\"column\" data-e-type=\"column\">\n\t\t\t<div class=\"elementor-widget-wrap elementor-element-populated\">\n\t\t\t\t\t\t<div class=\"elementor-element elementor-element-78b9439 elementor-widget elementor-widget-heading\" data-id=\"78b9439\" data-element_type=\"widget\" data-e-type=\"widget\" data-widget_type=\"heading.default\">\n\t\t\t\t<div class=\"elementor-widget-container\">\n\t\t\t\t\t<h2 class=\"elementor-heading-title elementor-size-default\">Preparaci\u00f3n de muestras <\/h2>\t\t\t\t<\/div>\n\t\t\t\t<\/div>\n\t\t\t\t\t<\/div>\n\t\t<\/div>\n\t\t\t\t\t<\/div>\n\t\t<\/section>\n\t\t\t\t<section class=\"elementor-section elementor-top-section elementor-element elementor-element-d25c44c elementor-section-boxed elementor-section-height-default elementor-section-height-default\" data-id=\"d25c44c\" data-element_type=\"section\" data-e-type=\"section\">\n\t\t\t\t\t\t<div class=\"elementor-container elementor-column-gap-default\">\n\t\t\t\t\t<div class=\"elementor-column elementor-col-100 elementor-top-column elementor-element elementor-element-3bff1b2\" data-id=\"3bff1b2\" data-element_type=\"column\" data-e-type=\"column\">\n\t\t\t<div class=\"elementor-widget-wrap elementor-element-populated\">\n\t\t\t\t\t\t<div class=\"elementor-element elementor-element-3ca49ec elementor-widget elementor-widget-spacer\" data-id=\"3ca49ec\" data-element_type=\"widget\" data-e-type=\"widget\" data-widget_type=\"spacer.default\">\n\t\t\t\t<div class=\"elementor-widget-container\">\n\t\t\t\t\t\t\t<div class=\"elementor-spacer\">\n\t\t\t<div class=\"elementor-spacer-inner\"><\/div>\n\t\t<\/div>\n\t\t\t\t\t\t<\/div>\n\t\t\t\t<\/div>\n\t\t\t\t<div class=\"elementor-element elementor-element-3e20223 elementor-button-info elementor-widget elementor-widget-button\" data-id=\"3e20223\" data-element_type=\"widget\" data-e-type=\"widget\" data-widget_type=\"button.default\">\n\t\t\t\t<div class=\"elementor-widget-container\">\n\t\t\t\t\t\t\t\t\t<div class=\"elementor-button-wrapper\">\n\t\t\t\t\t<a class=\"elementor-button elementor-button-link elementor-size-sm\" href=\"https:\/\/valitec.co\/sitioweb\/con\/\">\n\t\t\t\t\t\t<span class=\"elementor-button-content-wrapper\">\n\t\t\t\t\t\t\t\t\t<span class=\"elementor-button-text\">Atr\u00e1s<\/span>\n\t\t\t\t\t<\/span>\n\t\t\t\t\t<\/a>\n\t\t\t\t<\/div>\n\t\t\t\t\t\t\t\t<\/div>\n\t\t\t\t<\/div>\n\t\t\t\t\t<\/div>\n\t\t<\/div>\n\t\t\t\t\t<\/div>\n\t\t<\/section>\n\t\t\t\t<section class=\"elementor-section elementor-top-section elementor-element elementor-element-2aa3217 elementor-section-boxed elementor-section-height-default elementor-section-height-default\" data-id=\"2aa3217\" data-element_type=\"section\" data-e-type=\"section\">\n\t\t\t\t\t\t<div class=\"elementor-container elementor-column-gap-default\">\n\t\t\t\t\t<div class=\"elementor-column elementor-col-100 elementor-top-column elementor-element elementor-element-9436b50\" data-id=\"9436b50\" data-element_type=\"column\" data-e-type=\"column\">\n\t\t\t<div class=\"elementor-widget-wrap elementor-element-populated\">\n\t\t\t\t\t\t<div class=\"elementor-element elementor-element-de71236 elementor-widget elementor-widget-text-editor\" data-id=\"de71236\" data-element_type=\"widget\" data-e-type=\"widget\" data-widget_type=\"text-editor.default\">\n\t\t\t\t<div class=\"elementor-widget-container\">\n\t\t\t\t\t\t\t\t\t<p><span>El pol\u00edmero a granel de Concise Separations se ha utilizado en dispositivos de preparaci\u00f3n de muestras durante d\u00e9cadas.\u00a0Ofrecemos nuestra propia l\u00ednea POLYSorb de cartuchos SPE f\u00e1ciles de usar.\u00a0Todo el pol\u00edmero de Concise Separations est\u00e1 disponible a granel.<\/span><\/p>\n<h6><br \/><br \/><b><span>Beneficios<\/span><\/b><\/h6>\n<p><span>\u00a0Poliestireno divinilbenceno no modificado (PS\/DVB) &#8211; PS\/DVB alquilado<\/span><br \/><span>macroporoso\u00a0PS\/DVB sulfonado\u00a0Tubos disponibles de 100 g o 400 g\u00a0<b>Tecnolog\u00eda Guard Disc<\/b> Nuestro empaque PS\/DVB incrustado en una membrana delgada ofrece las ventajas de la preparaci\u00f3n de muestras pero sin p\u00e9rdida de muestra. Hemos creado dos dise\u00f1os AN Guard Disc que se pueden incorporar a nuestra l\u00ednea de columnas IC y Analytical Guard Disc que se puede usar con o sin una columna de HPLC .<\/span><\/p>\t\t\t\t\t\t\t\t<\/div>\n\t\t\t\t<\/div>\n\t\t\t\t\t<\/div>\n\t\t<\/div>\n\t\t\t\t\t<\/div>\n\t\t<\/section>\n\t\t\t\t<\/div>\n\t\t","protected":false},"excerpt":{"rendered":"<p>Preparaci\u00f3n de muestras Atr\u00e1s El pol\u00edmero a granel de Concise Separations se ha utilizado en dispositivos de preparaci\u00f3n de muestras durante d\u00e9cadas.\u00a0Ofrecemos nuestra propia l\u00ednea POLYSorb de cartuchos SPE f\u00e1ciles de usar.\u00a0Todo el pol\u00edmero de Concise Separations est\u00e1 disponible a granel. Beneficios \u00a0Poliestireno divinilbenceno no modificado (PS\/DVB) &#8211; PS\/DVB alquiladomacroporoso\u00a0PS\/DVB sulfonado\u00a0Tubos disponibles de 100 g<\/p>\n<div class=\"klb-readmore\"><a class=\"c-btn\" href=\"https:\/\/valitec.co\/sitioweb\/preparacion-de-la-muestra\/\">Read More <i class=\"far fa-plus\"><\/i><\/a><\/div>\n","protected":false},"author":1,"featured_media":0,"parent":0,"menu_order":0,"comment_status":"closed","ping_status":"closed","template":"","meta":{"_eb_attr":"","footnotes":""},"class_list":["post-4515","page","type-page","status-publish","hentry"],"_links":{"self":[{"href":"https:\/\/valitec.co\/sitioweb\/wp-json\/wp\/v2\/pages\/4515","targetHints":{"allow":["GET"]}}],"collection":[{"href":"https:\/\/valitec.co\/sitioweb\/wp-json\/wp\/v2\/pages"}],"about":[{"href":"https:\/\/valitec.co\/sitioweb\/wp-json\/wp\/v2\/types\/page"}],"author":[{"embeddable":true,"href":"https:\/\/valitec.co\/sitioweb\/wp-json\/wp\/v2\/users\/1"}],"replies":[{"embeddable":true,"href":"https:\/\/valitec.co\/sitioweb\/wp-json\/wp\/v2\/comments?post=4515"}],"version-history":[{"count":11,"href":"https:\/\/valitec.co\/sitioweb\/wp-json\/wp\/v2\/pages\/4515\/revisions"}],"predecessor-version":[{"id":4608,"href":"https:\/\/valitec.co\/sitioweb\/wp-json\/wp\/v2\/pages\/4515\/revisions\/4608"}],"wp:attachment":[{"href":"https:\/\/valitec.co\/sitioweb\/wp-json\/wp\/v2\/media?parent=4515"}],"curies":[{"name":"wp","href":"https:\/\/api.w.org\/{rel}","templated":true}]}}