{"id":4499,"date":"2023-05-27T01:10:53","date_gmt":"2023-05-27T01:10:53","guid":{"rendered":"https:\/\/valitec.co\/sitioweb\/?page_id=4499"},"modified":"2023-05-29T17:42:15","modified_gmt":"2023-05-29T17:42:15","slug":"biocombustibles","status":"publish","type":"page","link":"https:\/\/valitec.co\/sitioweb\/biocombustibles\/","title":{"rendered":"BIOCOMBUSTIBLES"},"content":{"rendered":"\t\t<div data-elementor-type=\"wp-page\" data-elementor-id=\"4499\" class=\"elementor elementor-4499\" data-elementor-post-type=\"page\">\n\t\t\t\t\t\t<section class=\"elementor-section elementor-top-section elementor-element elementor-element-2f5d60d3 elementor-section-boxed elementor-section-height-default elementor-section-height-default\" data-id=\"2f5d60d3\" data-element_type=\"section\" data-e-type=\"section\">\n\t\t\t\t\t\t<div class=\"elementor-container elementor-column-gap-default\">\n\t\t\t\t\t<div class=\"elementor-column elementor-col-100 elementor-top-column elementor-element elementor-element-379212ee\" data-id=\"379212ee\" data-element_type=\"column\" data-e-type=\"column\">\n\t\t\t<div class=\"elementor-widget-wrap elementor-element-populated\">\n\t\t\t\t\t\t<div class=\"elementor-element elementor-element-6d1e0a06 elementor-widget elementor-widget-text-editor\" data-id=\"6d1e0a06\" data-element_type=\"widget\" data-e-type=\"widget\" data-widget_type=\"text-editor.default\">\n\t\t\t\t<div class=\"elementor-widget-container\">\n\t\t\t\t\t\t\t\t\t\n<figure class=\"wp-block-image\"><img decoding=\"async\" src=\"https:\/\/cdn.conciseseparations.com\/public\/22\/CHO-99-5854-1.jpg\" alt=\"\"\/><\/figure>\n\t\t\t\t\t\t\t\t<\/div>\n\t\t\t\t<\/div>\n\t\t\t\t\t<\/div>\n\t\t<\/div>\n\t\t\t\t\t<\/div>\n\t\t<\/section>\n\t\t\t\t<section class=\"elementor-section elementor-top-section elementor-element elementor-element-5e0ba59 elementor-section-boxed elementor-section-height-default elementor-section-height-default\" data-id=\"5e0ba59\" data-element_type=\"section\" data-e-type=\"section\">\n\t\t\t\t\t\t<div class=\"elementor-container elementor-column-gap-default\">\n\t\t\t\t\t<div class=\"elementor-column elementor-col-100 elementor-top-column elementor-element elementor-element-9e7f489\" data-id=\"9e7f489\" data-element_type=\"column\" data-e-type=\"column\">\n\t\t\t<div class=\"elementor-widget-wrap elementor-element-populated\">\n\t\t\t\t\t\t<div class=\"elementor-element elementor-element-5a4d930 elementor-widget elementor-widget-heading\" data-id=\"5a4d930\" data-element_type=\"widget\" data-e-type=\"widget\" data-widget_type=\"heading.default\">\n\t\t\t\t<div class=\"elementor-widget-container\">\n\t\t\t\t\t<h2 class=\"elementor-heading-title elementor-size-default\">Biocombustibles<\/h2>\t\t\t\t<\/div>\n\t\t\t\t<\/div>\n\t\t\t\t\t<\/div>\n\t\t<\/div>\n\t\t\t\t\t<\/div>\n\t\t<\/section>\n\t\t\t\t<section class=\"elementor-section elementor-top-section elementor-element elementor-element-ecb2deb elementor-section-boxed elementor-section-height-default elementor-section-height-default\" data-id=\"ecb2deb\" data-element_type=\"section\" data-e-type=\"section\">\n\t\t\t\t\t\t<div class=\"elementor-container elementor-column-gap-default\">\n\t\t\t\t\t<div class=\"elementor-column elementor-col-100 elementor-top-column elementor-element elementor-element-49ad97f\" data-id=\"49ad97f\" data-element_type=\"column\" data-e-type=\"column\">\n\t\t\t<div class=\"elementor-widget-wrap elementor-element-populated\">\n\t\t\t\t\t\t<div class=\"elementor-element elementor-element-878af30 elementor-widget elementor-widget-spacer\" data-id=\"878af30\" data-element_type=\"widget\" data-e-type=\"widget\" data-widget_type=\"spacer.default\">\n\t\t\t\t<div class=\"elementor-widget-container\">\n\t\t\t\t\t\t\t<div class=\"elementor-spacer\">\n\t\t\t<div class=\"elementor-spacer-inner\"><\/div>\n\t\t<\/div>\n\t\t\t\t\t\t<\/div>\n\t\t\t\t<\/div>\n\t\t\t\t<div class=\"elementor-element elementor-element-2b249f1 elementor-button-info elementor-widget elementor-widget-button\" data-id=\"2b249f1\" data-element_type=\"widget\" data-e-type=\"widget\" data-widget_type=\"button.default\">\n\t\t\t\t<div class=\"elementor-widget-container\">\n\t\t\t\t\t\t\t\t\t<div class=\"elementor-button-wrapper\">\n\t\t\t\t\t<a class=\"elementor-button elementor-button-link elementor-size-sm\" href=\"https:\/\/valitec.co\/sitioweb\/con\/\">\n\t\t\t\t\t\t<span class=\"elementor-button-content-wrapper\">\n\t\t\t\t\t\t\t\t\t<span class=\"elementor-button-text\">Atr\u00e1s<\/span>\n\t\t\t\t\t<\/span>\n\t\t\t\t\t<\/a>\n\t\t\t\t<\/div>\n\t\t\t\t\t\t\t\t<\/div>\n\t\t\t\t<\/div>\n\t\t\t\t\t<\/div>\n\t\t<\/div>\n\t\t\t\t\t<\/div>\n\t\t<\/section>\n\t\t\t\t<section class=\"elementor-section elementor-top-section elementor-element elementor-element-e9f1318 elementor-section-boxed elementor-section-height-default elementor-section-height-default\" data-id=\"e9f1318\" data-element_type=\"section\" data-e-type=\"section\">\n\t\t\t\t\t\t<div class=\"elementor-container elementor-column-gap-default\">\n\t\t\t\t\t<div class=\"elementor-column elementor-col-100 elementor-top-column elementor-element elementor-element-1892e0e\" data-id=\"1892e0e\" data-element_type=\"column\" data-e-type=\"column\">\n\t\t\t<div class=\"elementor-widget-wrap elementor-element-populated\">\n\t\t\t\t\t\t<div class=\"elementor-element elementor-element-0ab1962 elementor-widget elementor-widget-text-editor\" data-id=\"0ab1962\" data-element_type=\"widget\" data-e-type=\"widget\" data-widget_type=\"text-editor.default\">\n\t\t\t\t<div class=\"elementor-widget-container\">\n\t\t\t\t\t\t\t\t\t<p><span>Concise Separations ofrece una variedad de columnas que se han utilizado durante diferentes pasos en el procesamiento y desarrollo de biocombustibles.\u00a0Ofrecemos columnas de an\u00e1lisis r\u00e1pido de \u00e1cido\/az\u00facar, as\u00ed como columnas basadas en plomo para ayudar a identificar todos los componentes en una muestra.\u00a0Tenga en cuenta que podemos personalizar una columna que se ajuste mejor a SUS necesidades de separaci\u00f3n.<\/span><\/p>\n<h6><br \/><br \/><b><span>Beneficios:<\/span><\/b><\/h6>\n<p><br \/><span>Inyecci\u00f3n a inyecci\u00f3n, columna a columna Reproducibilidad<\/span><br \/><span>Probado y aprobado por la industria<\/span><br \/><span>Larga vida \u00fatil<\/span><br \/><span>Robusto con alta eficiencia<\/span><br \/><span>Variedad de opciones para MEJORAR Marque su separaci\u00f3n<\/span><\/p>\n<ul>\n<li><span>Tama\u00f1o de la cuenta<\/span><\/li>\n<li><span>Vinculaci\u00f3n cruzada<\/span><\/li>\n<li><span>Funcionalidad<\/span><\/li>\n<li><span>Dimensi\u00f3n de columna<\/span><\/li>\n<\/ul>\n<p>\u00a0<\/p>\n<h6><br \/><b><span>Analitos comunes de biocombustibles:<\/span><\/b><\/h6>\n<p><br \/><span>glucosa, etanol, celobiosa, glicerol, \u00e1cido ac\u00e9tico, \u00e1cido l\u00e1ctico, metanol, arabinosa, xilitol, xilosa, furfural, acetaldeh\u00eddo, \u00e1cido glut\u00e1rico, \u00e1cido propi\u00f3nico, \u00e1cido but\u00edrico, butanol, succ\u00ednico, maltosa y maltotriosa Columnas populares<\/span><br \/><br \/><b><span>:<\/span><\/b><\/p>\n<ul>\n<li><span>ORH 801FA<\/span><\/li>\n<li><span>Coregel 87H3<\/span><\/li>\n<\/ul>\t\t\t\t\t\t\t\t<\/div>\n\t\t\t\t<\/div>\n\t\t\t\t\t<\/div>\n\t\t<\/div>\n\t\t\t\t\t<\/div>\n\t\t<\/section>\n\t\t\t\t<\/div>\n\t\t","protected":false},"excerpt":{"rendered":"<p>Biocombustibles Atr\u00e1s Concise Separations ofrece una variedad de columnas que se han utilizado durante diferentes pasos en el procesamiento y desarrollo de biocombustibles.\u00a0Ofrecemos columnas de an\u00e1lisis r\u00e1pido de \u00e1cido\/az\u00facar, as\u00ed como columnas basadas en plomo para ayudar a identificar todos los componentes en una muestra.\u00a0Tenga en cuenta que podemos personalizar una columna que se ajuste<\/p>\n<div class=\"klb-readmore\"><a class=\"c-btn\" href=\"https:\/\/valitec.co\/sitioweb\/biocombustibles\/\">Read More <i class=\"far fa-plus\"><\/i><\/a><\/div>\n","protected":false},"author":1,"featured_media":0,"parent":0,"menu_order":0,"comment_status":"closed","ping_status":"closed","template":"","meta":{"_eb_attr":"","footnotes":""},"class_list":["post-4499","page","type-page","status-publish","hentry"],"_links":{"self":[{"href":"https:\/\/valitec.co\/sitioweb\/wp-json\/wp\/v2\/pages\/4499","targetHints":{"allow":["GET"]}}],"collection":[{"href":"https:\/\/valitec.co\/sitioweb\/wp-json\/wp\/v2\/pages"}],"about":[{"href":"https:\/\/valitec.co\/sitioweb\/wp-json\/wp\/v2\/types\/page"}],"author":[{"embeddable":true,"href":"https:\/\/valitec.co\/sitioweb\/wp-json\/wp\/v2\/users\/1"}],"replies":[{"embeddable":true,"href":"https:\/\/valitec.co\/sitioweb\/wp-json\/wp\/v2\/comments?post=4499"}],"version-history":[{"count":8,"href":"https:\/\/valitec.co\/sitioweb\/wp-json\/wp\/v2\/pages\/4499\/revisions"}],"predecessor-version":[{"id":4605,"href":"https:\/\/valitec.co\/sitioweb\/wp-json\/wp\/v2\/pages\/4499\/revisions\/4605"}],"wp:attachment":[{"href":"https:\/\/valitec.co\/sitioweb\/wp-json\/wp\/v2\/media?parent=4499"}],"curies":[{"name":"wp","href":"https:\/\/api.w.org\/{rel}","templated":true}]}}