{"id":1839,"date":"2023-02-20T20:22:29","date_gmt":"2023-02-20T20:22:29","guid":{"rendered":"https:\/\/valitec.co\/sitioweb\/?page_id=1839"},"modified":"2023-04-26T17:37:01","modified_gmt":"2023-04-26T17:37:01","slug":"columna-hplc-tracer-excel","status":"publish","type":"page","link":"https:\/\/valitec.co\/sitioweb\/columna-hplc-tracer-excel\/","title":{"rendered":"COLUMNA HPLC TRACER EXCEL"},"content":{"rendered":"\t\t<div data-elementor-type=\"wp-page\" data-elementor-id=\"1839\" class=\"elementor elementor-1839\" data-elementor-post-type=\"page\">\n\t\t\t\t\t\t<section class=\"elementor-section elementor-top-section elementor-element elementor-element-30bda0a elementor-section-boxed elementor-section-height-default elementor-section-height-default\" data-id=\"30bda0a\" data-element_type=\"section\" data-e-type=\"section\">\n\t\t\t\t\t\t<div class=\"elementor-container elementor-column-gap-default\">\n\t\t\t\t\t<div class=\"elementor-column elementor-col-100 elementor-top-column elementor-element elementor-element-186f7d0\" data-id=\"186f7d0\" data-element_type=\"column\" data-e-type=\"column\">\n\t\t\t<div class=\"elementor-widget-wrap elementor-element-populated\">\n\t\t\t\t\t\t<div class=\"elementor-element elementor-element-f4e0a5f elementor-position-top elementor-widget elementor-widget-image-box\" data-id=\"f4e0a5f\" data-element_type=\"widget\" data-e-type=\"widget\" data-settings=\"{&quot;motion_fx_motion_fx_mouse&quot;:&quot;yes&quot;,&quot;motion_fx_tilt_effect&quot;:&quot;yes&quot;,&quot;motion_fx_tilt_direction&quot;:&quot;negative&quot;,&quot;motion_fx_tilt_speed&quot;:{&quot;unit&quot;:&quot;px&quot;,&quot;size&quot;:7.20000000000000017763568394002504646778106689453125,&quot;sizes&quot;:[]}}\" data-widget_type=\"image-box.default\">\n\t\t\t\t<div class=\"elementor-widget-container\">\n\t\t\t\t\t<div class=\"elementor-image-box-wrapper\"><figure class=\"elementor-image-box-img\"><img fetchpriority=\"high\" decoding=\"async\" width=\"250\" height=\"250\" src=\"https:\/\/valitec.co\/sitioweb\/wp-content\/uploads\/2022\/09\/columnas_tracer_excel-1.jpg\" class=\"attachment-full size-full wp-image-1611\" alt=\"\" srcset=\"https:\/\/valitec.co\/sitioweb\/wp-content\/uploads\/2022\/09\/columnas_tracer_excel-1.jpg 250w, https:\/\/valitec.co\/sitioweb\/wp-content\/uploads\/2022\/09\/columnas_tracer_excel-1-150x150.jpg 150w, https:\/\/valitec.co\/sitioweb\/wp-content\/uploads\/2022\/09\/columnas_tracer_excel-1-90x90.jpg 90w, https:\/\/valitec.co\/sitioweb\/wp-content\/uploads\/2022\/09\/columnas_tracer_excel-1-54x54.jpg 54w\" sizes=\"(max-width: 250px) 100vw, 250px\" \/><\/figure><\/div>\t\t\t\t<\/div>\n\t\t\t\t<\/div>\n\t\t\t\t<div class=\"elementor-element elementor-element-4f46ee6 elementor-widget elementor-widget-text-editor\" data-id=\"4f46ee6\" data-element_type=\"widget\" data-e-type=\"widget\" data-widget_type=\"text-editor.default\">\n\t\t\t\t<div class=\"elementor-widget-container\">\n\t\t\t\t\t\t\t\t\t<p>Columna con una excepcional reproducibilidad lote a lote. S\u00edlica ultra-pura. Vida \u00fatil excepcionalmente larga. Contenido extremadamente bajo de metales. Esfericidad perfecta. Materiales meticulosamente controlados. Rango m\u00e1ximo de pH (entre 1.5 y 11.0). Tama\u00f1o de part\u00edcula: 3, 5, y 10 \u03bcm. F\u00e1cilmente escalable, desde\u00a0di\u00e1metros de\u00a0microbore hasta HPLC preparativa Disponible con tama\u00f1o de poro de 300A para biocromatograf\u00eda. Amplia gama de rellenos totalmente desactivados \u00abFully end-capped\u00bb.<\/p><p>\u00a0<\/p><p>\u00a0<\/p>\t\t\t\t\t\t\t\t<\/div>\n\t\t\t\t<\/div>\n\t\t\t\t\t<\/div>\n\t\t<\/div>\n\t\t\t\t\t<\/div>\n\t\t<\/section>\n\t\t\t\t<section class=\"elementor-section elementor-top-section elementor-element elementor-element-17e7d1d elementor-section-boxed elementor-section-height-default elementor-section-height-default\" data-id=\"17e7d1d\" data-element_type=\"section\" data-e-type=\"section\">\n\t\t\t\t\t\t<div class=\"elementor-container elementor-column-gap-default\">\n\t\t\t\t\t<div class=\"elementor-column elementor-col-33 elementor-top-column elementor-element elementor-element-57163c8\" data-id=\"57163c8\" data-element_type=\"column\" data-e-type=\"column\">\n\t\t\t<div class=\"elementor-widget-wrap elementor-element-populated\">\n\t\t\t\t\t\t<div class=\"elementor-element elementor-element-f063fef elementor-widget elementor-widget-text-editor\" data-id=\"f063fef\" data-element_type=\"widget\" data-e-type=\"widget\" data-widget_type=\"text-editor.default\">\n\t\t\t\t<div class=\"elementor-widget-container\">\n\t\t\t\t\t\t\t\t\t<h5 style=\"text-align: center;\"><span style=\"color: #000000;\"><strong>Tracer Excel ODS-A<\/strong><\/span><\/h5><p>\u00a0<\/p><p style=\"text-align: center;\">Tracer Excel ODS-A es un\u00a0relleno totalmente end-capped, que destaca por su extremo nivel de desactivaci\u00f3n.<br \/>Esto minimiza las interacciones indeseables cuando se cromatograf\u00eda analitos fuertemente \u00e1cidos o b\u00e1sicos o compuestos quelantes.<\/p><p style=\"text-align: center;\">Adem\u00e1s, las columnas Tracer Excel ODS-A muestran una extraordinaria resistencia a los valores extremos de pH, entre 1,5 y 11,0<\/p><p style=\"text-align: center;\"><a href=\"https:\/\/www.teknokroma.es\/media\/4237\/tracer-excel_cat.pdf\" data-wplink-edit=\"true\" rel=\"nofollow noopener\" target=\"_blank\"><span style=\"color: #000000;\"><strong>Descarga aqu\u00ed el cat\u00e1logo<\/strong><\/span><\/a><\/p>\t\t\t\t\t\t\t\t<\/div>\n\t\t\t\t<\/div>\n\t\t\t\t\t<\/div>\n\t\t<\/div>\n\t\t\t\t<div class=\"elementor-column elementor-col-33 elementor-top-column elementor-element elementor-element-3ba1437\" data-id=\"3ba1437\" data-element_type=\"column\" data-e-type=\"column\">\n\t\t\t<div class=\"elementor-widget-wrap elementor-element-populated\">\n\t\t\t\t\t\t<div class=\"elementor-element elementor-element-a166526 elementor-widget elementor-widget-text-editor\" data-id=\"a166526\" data-element_type=\"widget\" data-e-type=\"widget\" data-widget_type=\"text-editor.default\">\n\t\t\t\t<div class=\"elementor-widget-container\">\n\t\t\t\t\t\t\t\t\t<h5 style=\"text-align: center;\"><a href=\"https:\/\/www.teknokroma.es\/media\/4237\/tracer-excel_cat.pdf\" rel=\"nofollow noopener\" target=\"_blank\"><strong>Tracer Excel ODS-B<\/strong><\/a><\/h5><ul><li style=\"text-align: center;\">Compatible con eluyentes 100% acuosos.<\/li><li style=\"text-align: center;\">Especialmente id\u00f3nea para la separaci\u00f3n de compuestos hidrof\u00edlicos.<\/li><li style=\"text-align: center;\">Fuerte retenci\u00f3n con eluyentes acuosos.<\/li><li style=\"text-align: center;\">Larga vida \u00fatil con eluyentes acuosos.<\/li><li style=\"text-align: center;\"><strong>Selectividad complementaria a la columna Tracer Excel ODS-A.<\/strong><\/li><li style=\"text-align: center;\">Alta estabilidad mec\u00e1nica.<\/li><li style=\"text-align: center;\">M\u00e1xima versatilidad.<\/li><li style=\"text-align: center;\">\u00a0<\/li><\/ul>\t\t\t\t\t\t\t\t<\/div>\n\t\t\t\t<\/div>\n\t\t\t\t\t<\/div>\n\t\t<\/div>\n\t\t\t\t<div class=\"elementor-column elementor-col-33 elementor-top-column elementor-element elementor-element-1b95739\" data-id=\"1b95739\" data-element_type=\"column\" data-e-type=\"column\">\n\t\t\t<div class=\"elementor-widget-wrap elementor-element-populated\">\n\t\t\t\t\t\t<div class=\"elementor-element elementor-element-d091f4d elementor-widget elementor-widget-text-editor\" data-id=\"d091f4d\" data-element_type=\"widget\" data-e-type=\"widget\" data-widget_type=\"text-editor.default\">\n\t\t\t\t<div class=\"elementor-widget-container\">\n\t\t\t\t\t\t\t\t\t<h5 style=\"text-align: center;\"><span style=\"color: #000000;\"><strong>Excel PAH<\/strong><\/span><\/h5><p>\u00a0<\/p><p style=\"text-align: center;\">Excel PAH es una fase C18 con un enlace polim\u00e9rico, que crea una red tridimensional con una \u00f3ptima selectividad para las separaciones de los Hidrocarburos Poliarom\u00e1ticos (PAHs).<br \/><strong>Excel PAH proporciona una resoluci\u00f3n a l\u00ednea de base de los 16 PAHs principales contaminantes seg\u00fan el M\u00e9todo EPA 610.<\/strong><\/p><ul><li style=\"text-align: center;\">USP: L1 enlace C18 polim\u00e9rico<br \/>\u2022 Tama\u00f1o de part\u00edcula: 5 \u03bcm<br \/>\u2022 Tama\u00f1o de poro: 300 \u00c5<br \/>\u2022 Area de superficie: 100 m2\/g<br \/>\u2022 Carga de carbono: 28%<br \/>\u2022 Rango de pH: 2-8<\/li><li style=\"text-align: center;\">\u00a0<\/li><\/ul><p style=\"text-align: center;\"><a href=\"https:\/\/www.teknokroma.es\/media\/4816\/ficha-tecnica-pah.pdf\" rel=\"nofollow noopener\" target=\"_blank\"><strong><span style=\"color: #000000;\">Descarga aqu\u00ed el cat\u00e1logo<\/span><\/strong><\/a><\/p>\t\t\t\t\t\t\t\t<\/div>\n\t\t\t\t<\/div>\n\t\t\t\t\t<\/div>\n\t\t<\/div>\n\t\t\t\t\t<\/div>\n\t\t<\/section>\n\t\t\t\t<section class=\"elementor-section elementor-top-section elementor-element elementor-element-27917a7 elementor-section-boxed elementor-section-height-default elementor-section-height-default\" data-id=\"27917a7\" data-element_type=\"section\" data-e-type=\"section\">\n\t\t\t\t\t\t<div class=\"elementor-container elementor-column-gap-default\">\n\t\t\t\t\t<div class=\"elementor-column elementor-col-50 elementor-top-column elementor-element elementor-element-a8888af\" data-id=\"a8888af\" data-element_type=\"column\" data-e-type=\"column\">\n\t\t\t<div class=\"elementor-widget-wrap elementor-element-populated\">\n\t\t\t\t\t\t<div class=\"elementor-element elementor-element-27af6bb elementor-widget elementor-widget-text-editor\" data-id=\"27af6bb\" data-element_type=\"widget\" data-e-type=\"widget\" data-widget_type=\"text-editor.default\">\n\t\t\t\t<div class=\"elementor-widget-container\">\n\t\t\t\t\t\t\t\t\t<h5 style=\"text-align: center;\"><strong>Excel PFP<\/strong><\/h5><p style=\"text-align: center;\">Excel PFP es una fase estacionaria endcapped que presenta una\u00a0<strong>selectividad \u00fanica con interacciones polares\u00a0e interacciones \u03c0-\u03c0 , ideales para separar compuestos\u00a0halogenados y analitos polares.<\/strong><br \/>Excel PFP puede usarse a altas temperaturas (50\u00baC) con una alta estabilidad, presenta un rango de pH 2.5-8.<\/p><p style=\"text-align: center;\">Es una columna vers\u00e1til tambi\u00e9n compatible con fases m\u00f3viles altamente acuosas.<\/p><ul><li style=\"text-align: center;\">USP L43<br \/>\u2022 Tama\u00f1o de part\u00edcula: 5 \u03bcm<br \/>\u2022 Tama\u00f1o de poro: 120 \u00c5<br \/>\u2022 Carga de Carbono: 11%<br \/>\u2022 End-Cap: yes<br \/>\u2022 Area de superficie: 300 m2\/g<br \/>\u2022 Rango de pH: 2.5 to 8<br \/>\u2022 Temperatura m\u00e1xima: 80 \u00b0C<\/li><\/ul><p style=\"text-align: center;\"><a href=\"https:\/\/www.teknokroma.es\/media\/4817\/ficha-tecnica-pfp.pdf\" rel=\"nofollow noopener\" target=\"_blank\"><strong><span style=\"color: #000000;\">Descarga aqu\u00ed el cat\u00e1logo<\/span><\/strong><\/a><\/p>\t\t\t\t\t\t\t\t<\/div>\n\t\t\t\t<\/div>\n\t\t\t\t\t<\/div>\n\t\t<\/div>\n\t\t\t\t<div class=\"elementor-column elementor-col-50 elementor-top-column elementor-element elementor-element-3bf6566\" data-id=\"3bf6566\" data-element_type=\"column\" data-e-type=\"column\">\n\t\t\t<div class=\"elementor-widget-wrap elementor-element-populated\">\n\t\t\t\t\t\t<div class=\"elementor-element elementor-element-e60c7ae elementor-widget elementor-widget-text-editor\" data-id=\"e60c7ae\" data-element_type=\"widget\" data-e-type=\"widget\" data-widget_type=\"text-editor.default\">\n\t\t\t\t<div class=\"elementor-widget-container\">\n\t\t\t\t\t\t\t\t\t<h5 style=\"text-align: center;\"><strong>Excel ODS 3.0<\/strong><\/h5><p>\u00a0<\/p><p style=\"text-align: center;\">Excel ODS 3.0 es una fase octadec\u00edlica con una alta densidad de carbono, que proporciona una mejor resoluci\u00f3n para la separaci\u00f3n de compuestos estructuralmente similares, como las impurezas en la industria farmac\u00e9utica<\/p><ul><li style=\"text-align: center;\">USP: L1 C18<br \/>\u2022\u00a0\u00a0Tama\u00f1o de part\u00edcula: 1.8, 5\u03bcm<br \/>\u2022\u00a0\u00a0Tama\u00f1o de poro: 100\u00c5<br \/>\u2022\u00a0\u00a0Volumen de poro 1,1 mL\/g<br \/>\u2022\u00a0\u00a0\u00c1rea de superficie: 450 m2\/g<br \/>\u2022\u00a0\u00a0Carga de carbono: 24%<br \/>\u2022\u00a0\u00a0Rango de pH: 1-12<br \/>\u2022\u00a0\u00a0Endacapping multietapa y multifunci\u00f3n<br \/>\u2022\u00a0\u00a0Ideal para peque\u00f1as mol\u00e9culas y p\u00e9ptidos<\/li><\/ul><p style=\"text-align: center;\"><a href=\"https:\/\/www.teknokroma.es\/media\/6759\/ficha-tecnica-ods_30_2021.pdf\" rel=\"nofollow noopener\" target=\"_blank\"><strong><span style=\"color: #000000;\">Descarga aqu\u00ed el cat\u00e1logo<\/span><\/strong><\/a><\/p>\t\t\t\t\t\t\t\t<\/div>\n\t\t\t\t<\/div>\n\t\t\t\t\t<\/div>\n\t\t<\/div>\n\t\t\t\t\t<\/div>\n\t\t<\/section>\n\t\t\t\t<section class=\"elementor-section elementor-top-section elementor-element elementor-element-ad3280e elementor-section-boxed elementor-section-height-default elementor-section-height-default\" data-id=\"ad3280e\" data-element_type=\"section\" data-e-type=\"section\">\n\t\t\t\t\t\t<div class=\"elementor-container elementor-column-gap-default\">\n\t\t\t\t\t<div class=\"elementor-column elementor-col-100 elementor-top-column elementor-element elementor-element-ea49bd0\" data-id=\"ea49bd0\" data-element_type=\"column\" data-e-type=\"column\">\n\t\t\t<div class=\"elementor-widget-wrap elementor-element-populated\">\n\t\t\t\t\t\t<div class=\"elementor-element elementor-element-5cb5527 elementor-widget elementor-widget-text-editor\" data-id=\"5cb5527\" data-element_type=\"widget\" data-e-type=\"widget\" data-widget_type=\"text-editor.default\">\n\t\t\t\t<div class=\"elementor-widget-container\">\n\t\t\t\t\t\t\t\t\t<h5>\u00a0<\/h5><h5 style=\"text-align: center;\">Fabricante<\/h5><p>\u00a0<\/p><p><img decoding=\"async\" class=\"alignnone size-full wp-image-1764 aligncenter\" src=\"https:\/\/valitec.co\/sitioweb\/wp-content\/uploads\/2022\/11\/recknokroma.png\" alt=\"\" width=\"243\" height=\"66\" srcset=\"https:\/\/valitec.co\/sitioweb\/wp-content\/uploads\/2022\/11\/recknokroma.png 243w, https:\/\/valitec.co\/sitioweb\/wp-content\/uploads\/2022\/11\/recknokroma-90x24.png 90w\" sizes=\"(max-width: 243px) 100vw, 243px\" \/><\/p>\t\t\t\t\t\t\t\t<\/div>\n\t\t\t\t<\/div>\n\t\t\t\t\t<\/div>\n\t\t<\/div>\n\t\t\t\t\t<\/div>\n\t\t<\/section>\n\t\t\t\t<\/div>\n\t\t","protected":false},"excerpt":{"rendered":"<p>Columna con una excepcional reproducibilidad lote a lote. S\u00edlica ultra-pura. Vida \u00fatil excepcionalmente larga. Contenido extremadamente bajo de metales. Esfericidad perfecta. Materiales meticulosamente controlados. Rango m\u00e1ximo de pH (entre 1.5 y 11.0). Tama\u00f1o de part\u00edcula: 3, 5, y 10 \u03bcm. F\u00e1cilmente escalable, desde&nbsp;di\u00e1metros de&nbsp;microbore hasta HPLC preparativa Disponible con tama\u00f1o de poro de 300A para<\/p>\n<div class=\"klb-readmore\"><a class=\"c-btn\" href=\"https:\/\/valitec.co\/sitioweb\/columna-hplc-tracer-excel\/\">Read More <i class=\"far fa-plus\"><\/i><\/a><\/div>\n","protected":false},"author":1,"featured_media":0,"parent":0,"menu_order":0,"comment_status":"closed","ping_status":"closed","template":"","meta":{"_eb_attr":"","footnotes":""},"class_list":["post-1839","page","type-page","status-publish","hentry"],"_links":{"self":[{"href":"https:\/\/valitec.co\/sitioweb\/wp-json\/wp\/v2\/pages\/1839","targetHints":{"allow":["GET"]}}],"collection":[{"href":"https:\/\/valitec.co\/sitioweb\/wp-json\/wp\/v2\/pages"}],"about":[{"href":"https:\/\/valitec.co\/sitioweb\/wp-json\/wp\/v2\/types\/page"}],"author":[{"embeddable":true,"href":"https:\/\/valitec.co\/sitioweb\/wp-json\/wp\/v2\/users\/1"}],"replies":[{"embeddable":true,"href":"https:\/\/valitec.co\/sitioweb\/wp-json\/wp\/v2\/comments?post=1839"}],"version-history":[{"count":13,"href":"https:\/\/valitec.co\/sitioweb\/wp-json\/wp\/v2\/pages\/1839\/revisions"}],"predecessor-version":[{"id":4285,"href":"https:\/\/valitec.co\/sitioweb\/wp-json\/wp\/v2\/pages\/1839\/revisions\/4285"}],"wp:attachment":[{"href":"https:\/\/valitec.co\/sitioweb\/wp-json\/wp\/v2\/media?parent=1839"}],"curies":[{"name":"wp","href":"https:\/\/api.w.org\/{rel}","templated":true}]}}