{"id":1055,"date":"2022-09-02T18:43:48","date_gmt":"2022-09-02T18:43:48","guid":{"rendered":"https:\/\/valitec.co\/sitioweb\/?page_id=1055"},"modified":"2022-11-24T15:26:04","modified_gmt":"2022-11-24T15:26:04","slug":"calificacion-de-autoclaves-y-esterilizadores-de-vapor","status":"publish","type":"page","link":"https:\/\/valitec.co\/sitioweb\/calificacion-de-autoclaves-y-esterilizadores-de-vapor\/","title":{"rendered":"Servicios"},"content":{"rendered":"\t\t<div data-elementor-type=\"wp-page\" data-elementor-id=\"1055\" class=\"elementor elementor-1055\" data-elementor-post-type=\"page\">\n\t\t\t\t\t\t<section class=\"elementor-section elementor-top-section elementor-element elementor-element-b9a87ff elementor-section-full_width elementor-section-height-default elementor-section-height-default\" data-id=\"b9a87ff\" data-element_type=\"section\" data-e-type=\"section\">\n\t\t\t\t\t\t<div class=\"elementor-container elementor-column-gap-no\">\n\t\t\t\t\t<div class=\"elementor-column elementor-col-100 elementor-top-column elementor-element elementor-element-4109653\" data-id=\"4109653\" data-element_type=\"column\" data-e-type=\"column\">\n\t\t\t<div class=\"elementor-widget-wrap elementor-element-populated\">\n\t\t\t\t\t\t<div class=\"elementor-element elementor-element-dbe4344 elementor-widget elementor-widget-medibazar-breadcrumb\" data-id=\"dbe4344\" data-element_type=\"widget\" data-e-type=\"widget\" data-widget_type=\"medibazar-breadcrumb.default\">\n\t\t\t\t<div class=\"elementor-widget-container\">\n\t\t\t\t\t<div class=\"breadcrumb-area pt-125 pb-125\" style=\"background-image:url(https:\/\/valitec.co\/sitioweb\/wp-content\/uploads\/2022\/11\/Valitec.jpg)\"><div class=\"container\"><div class=\"klb-breadcrumb-wrapper\"><div class=\"row\"><div class=\"col-xl-12\"><div class=\"breadcrumb-text\"><h1>Servicios<\/h1><\/div><\/div><ul class=\"breadcrumb-menu\"><li><a  href=\"https:\/\/valitec.co\/sitioweb\" title=\"Home\" rel=\"bookmark\">Home<\/a> <\/li>  <\/ul><\/div><\/div><\/div><\/div>\t\t\t\t<\/div>\n\t\t\t\t<\/div>\n\t\t\t\t\t<\/div>\n\t\t<\/div>\n\t\t\t\t\t<\/div>\n\t\t<\/section>\n\t\t\t\t<section class=\"elementor-section elementor-top-section elementor-element elementor-element-36cd965 elementor-section-boxed elementor-section-height-default elementor-section-height-default\" data-id=\"36cd965\" data-element_type=\"section\" data-e-type=\"section\" data-settings=\"{&quot;background_background&quot;:&quot;classic&quot;}\">\n\t\t\t\t\t\t<div class=\"elementor-container elementor-column-gap-default\">\n\t\t\t\t\t<div class=\"elementor-column elementor-col-100 elementor-top-column elementor-element elementor-element-9f07f3f\" data-id=\"9f07f3f\" data-element_type=\"column\" data-e-type=\"column\">\n\t\t\t<div class=\"elementor-widget-wrap elementor-element-populated\">\n\t\t\t\t\t\t<div class=\"elementor-element elementor-element-9a46fba elementor-widget elementor-widget-spacer\" data-id=\"9a46fba\" data-element_type=\"widget\" data-e-type=\"widget\" data-widget_type=\"spacer.default\">\n\t\t\t\t<div class=\"elementor-widget-container\">\n\t\t\t\t\t\t\t<div class=\"elementor-spacer\">\n\t\t\t<div class=\"elementor-spacer-inner\"><\/div>\n\t\t<\/div>\n\t\t\t\t\t\t<\/div>\n\t\t\t\t<\/div>\n\t\t\t\t\t<\/div>\n\t\t<\/div>\n\t\t\t\t\t<\/div>\n\t\t<\/section>\n\t\t\t\t<section class=\"elementor-section elementor-top-section elementor-element elementor-element-994d0bc elementor-section-boxed elementor-section-height-default elementor-section-height-default\" data-id=\"994d0bc\" data-element_type=\"section\" data-e-type=\"section\">\n\t\t\t\t\t\t<div class=\"elementor-container elementor-column-gap-default\">\n\t\t\t\t\t<div class=\"elementor-column elementor-col-33 elementor-top-column elementor-element elementor-element-ba0689f\" data-id=\"ba0689f\" data-element_type=\"column\" data-e-type=\"column\">\n\t\t\t<div class=\"elementor-widget-wrap elementor-element-populated\">\n\t\t\t\t\t\t<div class=\"elementor-element elementor-element-02967d6 elementor-widget elementor-widget-medibazar-image-box\" data-id=\"02967d6\" data-element_type=\"widget\" data-e-type=\"widget\" data-widget_type=\"medibazar-image-box.default\">\n\t\t\t\t<div class=\"elementor-widget-container\">\n\t\t\t\t\t<div class=\"feature-02-wrapper text-center\"><div class=\"p-feature-text\"><h3>Calificaci\u00f3n de C\u00e1maras clim\u00e1ticas y Cuartos de estabilidad<\/h3><div class=\"feature-02-icon\"><img decoding=\"async\" src=\"https:\/\/valitec.co\/sitioweb\/wp-content\/uploads\/2022\/09\/Sin-titulo-1_Mesa-de-trabajo-1.png\" alt=\"\"><\/div><p><\/p><a href=\"https:\/\/valitec.co\/sitioweb\/calificacion-de-camaras-climaticas-y-cuartos-de-estabilidad-2\/\" ><i class=\"fal fa-long-arrow-right\"><\/i><\/a><\/div><\/div>\t\t\t\t<\/div>\n\t\t\t\t<\/div>\n\t\t\t\t<div class=\"elementor-element elementor-element-4653aa3 elementor-widget elementor-widget-medibazar-image-box\" data-id=\"4653aa3\" data-element_type=\"widget\" data-e-type=\"widget\" data-widget_type=\"medibazar-image-box.default\">\n\t\t\t\t<div class=\"elementor-widget-container\">\n\t\t\t\t\t<div class=\"feature-02-wrapper text-center\"><div class=\"p-feature-text\"><h3>validaci\u00f3n de equipos de temperatura<\/h3><div class=\"feature-02-icon\"><img decoding=\"async\" src=\"https:\/\/valitec.co\/sitioweb\/wp-content\/uploads\/2022\/09\/Sin-titulo-1_Mesa-de-trabajo-1-copia.png\" alt=\"\"><\/div><p><\/p><a href=\"https:\/\/valitec.co\/sitioweb\/validacion-de-otros-equipos-de-temperatura\/\" ><i class=\"fal fa-long-arrow-right\"><\/i><\/a><\/div><\/div>\t\t\t\t<\/div>\n\t\t\t\t<\/div>\n\t\t\t\t<div class=\"elementor-element elementor-element-3235f20 elementor-widget elementor-widget-medibazar-image-box\" data-id=\"3235f20\" data-element_type=\"widget\" data-e-type=\"widget\" data-widget_type=\"medibazar-image-box.default\">\n\t\t\t\t<div class=\"elementor-widget-container\">\n\t\t\t\t\t<div class=\"feature-02-wrapper text-center\"><div class=\"p-feature-text\"><h3>Calificaci\u00f3n de Autoclaves y esterilizadores de vapor<\/h3><div class=\"feature-02-icon\"><img decoding=\"async\" src=\"https:\/\/valitec.co\/sitioweb\/wp-content\/uploads\/2022\/09\/Sin-titulo-1_Mesa-de-trabajo-1-copia-5.png\" alt=\"\"><\/div><p><\/p><a href=\"https:\/\/valitec.co\/sitioweb\/calificacion-de-camaras-climaticas-y-cuartos-de-estabilidad\/\" ><i class=\"fal fa-long-arrow-right\"><\/i><\/a><\/div><\/div>\t\t\t\t<\/div>\n\t\t\t\t<\/div>\n\t\t\t\t\t<\/div>\n\t\t<\/div>\n\t\t\t\t<div class=\"elementor-column elementor-col-33 elementor-top-column elementor-element elementor-element-d7701fa\" data-id=\"d7701fa\" data-element_type=\"column\" data-e-type=\"column\">\n\t\t\t<div class=\"elementor-widget-wrap elementor-element-populated\">\n\t\t\t\t\t\t<div class=\"elementor-element elementor-element-14d9670 elementor-widget elementor-widget-medibazar-image-box\" data-id=\"14d9670\" data-element_type=\"widget\" data-e-type=\"widget\" data-widget_type=\"medibazar-image-box.default\">\n\t\t\t\t<div class=\"elementor-widget-container\">\n\t\t\t\t\t<div class=\"feature-02-wrapper text-center\"><div class=\"p-feature-text\"><h3>Calificaci\u00f3n de Hornos de vac\u00edo<\/h3><div class=\"feature-02-icon\"><img decoding=\"async\" src=\"https:\/\/valitec.co\/sitioweb\/wp-content\/uploads\/2022\/09\/Sin-titulo-1_Mesa-de-trabajo-1-copia-6.png\" alt=\"\"><\/div><p><\/p><a href=\"https:\/\/valitec.co\/sitioweb\/calificacion-de-hornos-de-vacio\/\" ><i class=\"fal fa-long-arrow-right\"><\/i><\/a><\/div><\/div>\t\t\t\t<\/div>\n\t\t\t\t<\/div>\n\t\t\t\t<div class=\"elementor-element elementor-element-df1856f elementor-widget elementor-widget-medibazar-image-box\" data-id=\"df1856f\" data-element_type=\"widget\" data-e-type=\"widget\" data-widget_type=\"medibazar-image-box.default\">\n\t\t\t\t<div class=\"elementor-widget-container\">\n\t\t\t\t\t<div class=\"feature-02-wrapper text-center\"><div class=\"p-feature-text\"><h3>Validaci\u00f3n de Software en sistemas computarizados para equipos instrumentales<\/h3><div class=\"feature-02-icon\"><img decoding=\"async\" src=\"https:\/\/valitec.co\/sitioweb\/wp-content\/uploads\/2022\/09\/Sin-titulo-1_Mesa-de-trabajo-1-copia-7.png\" alt=\"\"><\/div><p><\/p><a href=\"https:\/\/valitec.co\/sitioweb\/validacion-de-software\/\" ><i class=\"fal fa-long-arrow-right\"><\/i><\/a><\/div><\/div>\t\t\t\t<\/div>\n\t\t\t\t<\/div>\n\t\t\t\t<div class=\"elementor-element elementor-element-6ec8841 elementor-widget elementor-widget-medibazar-image-box\" data-id=\"6ec8841\" data-element_type=\"widget\" data-e-type=\"widget\" data-widget_type=\"medibazar-image-box.default\">\n\t\t\t\t<div class=\"elementor-widget-container\">\n\t\t\t\t\t<div class=\"feature-02-wrapper text-center\"><div class=\"p-feature-text\"><h3>Equipos instrumentales<\/h3><div class=\"feature-02-icon\"><img decoding=\"async\" src=\"https:\/\/valitec.co\/sitioweb\/wp-content\/uploads\/2022\/09\/Sin-titulo-1_Mesa-de-trabajo-1-copia-8.png\" alt=\"\"><\/div><p><\/p><a href=\"https:\/\/valitec.co\/sitioweb\/equipos-instrumentales\/\" ><i class=\"fal fa-long-arrow-right\"><\/i><\/a><\/div><\/div>\t\t\t\t<\/div>\n\t\t\t\t<\/div>\n\t\t\t\t\t<\/div>\n\t\t<\/div>\n\t\t\t\t<div class=\"elementor-column elementor-col-33 elementor-top-column elementor-element elementor-element-e3cb450\" data-id=\"e3cb450\" data-element_type=\"column\" data-e-type=\"column\">\n\t\t\t<div class=\"elementor-widget-wrap elementor-element-populated\">\n\t\t\t\t\t\t<div class=\"elementor-element elementor-element-42a2df5 elementor-widget elementor-widget-medibazar-image-box\" data-id=\"42a2df5\" data-element_type=\"widget\" data-e-type=\"widget\" data-widget_type=\"medibazar-image-box.default\">\n\t\t\t\t<div class=\"elementor-widget-container\">\n\t\t\t\t\t<div class=\"feature-02-wrapper text-center\"><div class=\"p-feature-text\"><h3>Equipos de rotaci\u00f3n, frecuencia, desintegradores, Centrifugas con y sin refrigeraci\u00f3n, entre otros<\/h3><div class=\"feature-02-icon\"><img decoding=\"async\" src=\"https:\/\/valitec.co\/sitioweb\/wp-content\/uploads\/2022\/09\/Sin-titulo-1_Mesa-de-trabajo-1-copia-4.png\" alt=\"\"><\/div><p><\/p><a href=\"https:\/\/valitec.co\/sitioweb\/equipos-de-rotacion-frecuencia-desintegradores-centrifugas-con-y-sin-refrigeracion-entre-otros\/\" ><i class=\"fal fa-long-arrow-right\"><\/i><\/a><\/div><\/div>\t\t\t\t<\/div>\n\t\t\t\t<\/div>\n\t\t\t\t<div class=\"elementor-element elementor-element-460673c elementor-widget elementor-widget-medibazar-image-box\" data-id=\"460673c\" data-element_type=\"widget\" data-e-type=\"widget\" data-widget_type=\"medibazar-image-box.default\">\n\t\t\t\t<div class=\"elementor-widget-container\">\n\t\t\t\t\t<div class=\"feature-02-wrapper text-center\"><div class=\"p-feature-text\"><h3>Equipos o procesos a la medida \u201cCUSTOMIZED\u201d <\/h3><div class=\"feature-02-icon\"><img decoding=\"async\" src=\"https:\/\/valitec.co\/sitioweb\/wp-content\/uploads\/2022\/09\/Sin-titulo-1_Mesa-de-trabajo-1-copia-2.png\" alt=\"\"><\/div><p><\/p><a href=\"https:\/\/valitec.co\/sitioweb\/equipos-o-procesos-a-la-medida-customized\/\" ><i class=\"fal fa-long-arrow-right\"><\/i><\/a><\/div><\/div>\t\t\t\t<\/div>\n\t\t\t\t<\/div>\n\t\t\t\t<div class=\"elementor-element elementor-element-2ecd365 elementor-widget elementor-widget-medibazar-image-box\" data-id=\"2ecd365\" data-element_type=\"widget\" data-e-type=\"widget\" data-widget_type=\"medibazar-image-box.default\">\n\t\t\t\t<div class=\"elementor-widget-container\">\n\t\t\t\t\t<div class=\"feature-02-wrapper text-center\"><div class=\"p-feature-text\"><h3>Asesor\u00eda y consultoria en gesti\u00f3n de mantenimiento y metrolog\u00eda <\/h3><div class=\"feature-02-icon\"><img decoding=\"async\" src=\"https:\/\/valitec.co\/sitioweb\/wp-content\/uploads\/2022\/09\/Sin-titulo-1_Mesa-de-trabajo-1-copia-3.png\" alt=\"\"><\/div><p><\/p><a href=\"https:\/\/valitec.co\/sitioweb\/servicios-2\/\" ><i class=\"fal fa-long-arrow-right\"><\/i><\/a><\/div><\/div>\t\t\t\t<\/div>\n\t\t\t\t<\/div>\n\t\t\t\t\t<\/div>\n\t\t<\/div>\n\t\t\t\t\t<\/div>\n\t\t<\/section>\n\t\t\t\t<\/div>\n\t\t","protected":false},"excerpt":{"rendered":"<p>Servicios Home Calificaci\u00f3n de C\u00e1maras clim\u00e1ticas y Cuartos de estabilidad validaci\u00f3n de equipos de temperatura Calificaci\u00f3n de Autoclaves y esterilizadores de vapor Calificaci\u00f3n de Hornos de vac\u00edo Validaci\u00f3n de Software en sistemas computarizados para equipos instrumentales Equipos instrumentales Equipos de rotaci\u00f3n, frecuencia, desintegradores, Centrifugas con y sin refrigeraci\u00f3n, entre otros Equipos o procesos a la<\/p>\n<div class=\"klb-readmore\"><a class=\"c-btn\" href=\"https:\/\/valitec.co\/sitioweb\/calificacion-de-autoclaves-y-esterilizadores-de-vapor\/\">Read More <i class=\"far fa-plus\"><\/i><\/a><\/div>\n","protected":false},"author":1,"featured_media":0,"parent":0,"menu_order":0,"comment_status":"closed","ping_status":"closed","template":"","meta":{"_eb_attr":"","footnotes":""},"class_list":["post-1055","page","type-page","status-publish","hentry"],"_links":{"self":[{"href":"https:\/\/valitec.co\/sitioweb\/wp-json\/wp\/v2\/pages\/1055","targetHints":{"allow":["GET"]}}],"collection":[{"href":"https:\/\/valitec.co\/sitioweb\/wp-json\/wp\/v2\/pages"}],"about":[{"href":"https:\/\/valitec.co\/sitioweb\/wp-json\/wp\/v2\/types\/page"}],"author":[{"embeddable":true,"href":"https:\/\/valitec.co\/sitioweb\/wp-json\/wp\/v2\/users\/1"}],"replies":[{"embeddable":true,"href":"https:\/\/valitec.co\/sitioweb\/wp-json\/wp\/v2\/comments?post=1055"}],"version-history":[{"count":20,"href":"https:\/\/valitec.co\/sitioweb\/wp-json\/wp\/v2\/pages\/1055\/revisions"}],"predecessor-version":[{"id":1540,"href":"https:\/\/valitec.co\/sitioweb\/wp-json\/wp\/v2\/pages\/1055\/revisions\/1540"}],"wp:attachment":[{"href":"https:\/\/valitec.co\/sitioweb\/wp-json\/wp\/v2\/media?parent=1055"}],"curies":[{"name":"wp","href":"https:\/\/api.w.org\/{rel}","templated":true}]}}