{"id":1051,"date":"2022-09-02T18:41:59","date_gmt":"2022-09-02T18:41:59","guid":{"rendered":"https:\/\/valitec.co\/sitioweb\/?page_id=1051"},"modified":"2023-02-27T16:51:42","modified_gmt":"2023-02-27T16:51:42","slug":"calificacion-de-camaras-climaticas-y-cuartos-de-estabilidad","status":"publish","type":"page","link":"https:\/\/valitec.co\/sitioweb\/calificacion-de-camaras-climaticas-y-cuartos-de-estabilidad\/","title":{"rendered":"Calificaci\u00f3n de Autoclaves y esterilizadores de vapor"},"content":{"rendered":"\t\t<div data-elementor-type=\"wp-page\" data-elementor-id=\"1051\" class=\"elementor elementor-1051\" data-elementor-post-type=\"page\">\n\t\t\t\t\t\t<section class=\"elementor-section elementor-top-section elementor-element elementor-element-b9a87ff elementor-section-full_width elementor-section-height-default elementor-section-height-default\" data-id=\"b9a87ff\" data-element_type=\"section\" data-e-type=\"section\">\n\t\t\t\t\t\t<div class=\"elementor-container elementor-column-gap-no\">\n\t\t\t\t\t<div class=\"elementor-column elementor-col-100 elementor-top-column elementor-element elementor-element-4109653\" data-id=\"4109653\" data-element_type=\"column\" data-e-type=\"column\">\n\t\t\t<div class=\"elementor-widget-wrap elementor-element-populated\">\n\t\t\t\t\t\t<div class=\"elementor-element elementor-element-dbe4344 elementor-widget elementor-widget-medibazar-breadcrumb\" data-id=\"dbe4344\" data-element_type=\"widget\" data-e-type=\"widget\" data-widget_type=\"medibazar-breadcrumb.default\">\n\t\t\t\t<div class=\"elementor-widget-container\">\n\t\t\t\t\t<div class=\"breadcrumb-area pt-125 pb-125\" style=\"background-image:url(https:\/\/valitec.co\/sitioweb\/wp-content\/uploads\/2022\/11\/Valitec.jpg)\"><div class=\"container\"><div class=\"klb-breadcrumb-wrapper\"><div class=\"row\"><div class=\"col-xl-12\"><div class=\"breadcrumb-text\"><h1>Servicios<\/h1><\/div><\/div><ul class=\"breadcrumb-menu\"><li><a  href=\"https:\/\/valitec.co\/sitioweb\" title=\"Home\" rel=\"bookmark\">Home<\/a> <\/li>  <\/ul><\/div><\/div><\/div><\/div>\t\t\t\t<\/div>\n\t\t\t\t<\/div>\n\t\t\t\t\t<\/div>\n\t\t<\/div>\n\t\t\t\t\t<\/div>\n\t\t<\/section>\n\t\t\t\t<section class=\"elementor-section elementor-top-section elementor-element elementor-element-f7db31e elementor-section-content-middle elementor-section-boxed elementor-section-height-default elementor-section-height-default\" data-id=\"f7db31e\" data-element_type=\"section\" data-e-type=\"section\">\n\t\t\t\t\t\t<div class=\"elementor-container elementor-column-gap-default\">\n\t\t\t\t\t<div class=\"elementor-column elementor-col-50 elementor-top-column elementor-element elementor-element-1adeaa2\" data-id=\"1adeaa2\" data-element_type=\"column\" data-e-type=\"column\">\n\t\t\t<div class=\"elementor-widget-wrap elementor-element-populated\">\n\t\t\t\t\t\t<div class=\"elementor-element elementor-element-5040c31 elementor-widget elementor-widget-image\" data-id=\"5040c31\" data-element_type=\"widget\" data-e-type=\"widget\" data-widget_type=\"image.default\">\n\t\t\t\t<div class=\"elementor-widget-container\">\n\t\t\t\t\t\t\t\t\t\t\t\t\t\t\t<img fetchpriority=\"high\" decoding=\"async\" width=\"905\" height=\"604\" src=\"https:\/\/valitec.co\/sitioweb\/wp-content\/uploads\/2022\/11\/autoclaves-1.jpg\" class=\"attachment-large size-large wp-image-1563\" alt=\"\" srcset=\"https:\/\/valitec.co\/sitioweb\/wp-content\/uploads\/2022\/11\/autoclaves-1.jpg 905w, https:\/\/valitec.co\/sitioweb\/wp-content\/uploads\/2022\/11\/autoclaves-1-300x200.jpg 300w, https:\/\/valitec.co\/sitioweb\/wp-content\/uploads\/2022\/11\/autoclaves-1-768x513.jpg 768w, https:\/\/valitec.co\/sitioweb\/wp-content\/uploads\/2022\/11\/autoclaves-1-600x400.jpg 600w, https:\/\/valitec.co\/sitioweb\/wp-content\/uploads\/2022\/11\/autoclaves-1-81x54.jpg 81w\" sizes=\"(max-width: 905px) 100vw, 905px\" \/>\t\t\t\t\t\t\t\t\t\t\t\t\t\t\t<\/div>\n\t\t\t\t<\/div>\n\t\t\t\t\t<\/div>\n\t\t<\/div>\n\t\t\t\t<div class=\"elementor-column elementor-col-50 elementor-top-column elementor-element elementor-element-bd05a44\" data-id=\"bd05a44\" data-element_type=\"column\" data-e-type=\"column\">\n\t\t\t<div class=\"elementor-widget-wrap elementor-element-populated\">\n\t\t\t\t\t\t<div class=\"elementor-element elementor-element-b065964 elementor-widget elementor-widget-spacer\" data-id=\"b065964\" data-element_type=\"widget\" data-e-type=\"widget\" data-widget_type=\"spacer.default\">\n\t\t\t\t<div class=\"elementor-widget-container\">\n\t\t\t\t\t\t\t<div class=\"elementor-spacer\">\n\t\t\t<div class=\"elementor-spacer-inner\"><\/div>\n\t\t<\/div>\n\t\t\t\t\t\t<\/div>\n\t\t\t\t<\/div>\n\t\t\t\t<div class=\"elementor-element elementor-element-e03fa2d elementor-widget elementor-widget-medibazar-block-list\" data-id=\"e03fa2d\" data-element_type=\"widget\" data-e-type=\"widget\" data-widget_type=\"medibazar-block-list.default\">\n\t\t\t\t<div class=\"elementor-widget-container\">\n\t\t\t\t\t<div class=\"section-title mb-40\"><h2>Calificaci\u00f3n de Autoclaves y esterilizadores de vapor <\/h2><p>Brindamos servicio especializado de validaci\u00f3n para esterilizadores de vapor, realizando las pruebas principales que exigen los entes de control de la salud, industria farmac\u00e9utica, alimenticia y afines.<\/p><\/div><div class=\"about-item\"><ul><li><div class=\"about-text\"><h4><\/h4><p><\/p><\/div><\/li><\/ul><\/div>\t\t\t\t<\/div>\n\t\t\t\t<\/div>\n\t\t\t\t\t<\/div>\n\t\t<\/div>\n\t\t\t\t\t<\/div>\n\t\t<\/section>\n\t\t\t\t<section class=\"elementor-section elementor-top-section elementor-element elementor-element-94c5c01 elementor-section-boxed elementor-section-height-default elementor-section-height-default\" data-id=\"94c5c01\" data-element_type=\"section\" data-e-type=\"section\">\n\t\t\t\t\t\t<div class=\"elementor-container elementor-column-gap-default\">\n\t\t\t\t\t<div class=\"elementor-column elementor-col-33 elementor-top-column elementor-element elementor-element-1cc359f\" data-id=\"1cc359f\" data-element_type=\"column\" data-e-type=\"column\">\n\t\t\t<div class=\"elementor-widget-wrap elementor-element-populated\">\n\t\t\t\t\t\t<div class=\"elementor-element elementor-element-40b08e6 elementor-widget elementor-widget-medibazar-icon-box\" data-id=\"40b08e6\" data-element_type=\"widget\" data-e-type=\"widget\" data-widget_type=\"medibazar-icon-box.default\">\n\t\t\t\t<div class=\"elementor-widget-container\">\n\t\t\t\t\t<div class=\"features-wrapper\"><div class=\"features-icon fe-1 f-left\" style=\"color:#4e97fd\"><i aria-hidden=\"false\" class=\"far fa-check-circle\"><\/i><\/div><div class=\"features-text\"><h3>Calificaci\u00f3n de instalaci\u00f3n<\/h3><p>Demuestra el cumplimiento con las especificaciones de fabricaci\u00f3n del equipo despu\u00e9s de su instalaci\u00f3n, la documentaci\u00f3n del equipo, el cumplimiento con las especificaciones de funcionamiento, registro de datos, alarmas y de m\u00e1s variables que pueda tener el equipo seg\u00fan marca y modelo.\n\n<\/p><\/div><\/div>\t\t\t\t<\/div>\n\t\t\t\t<\/div>\n\t\t\t\t\t<\/div>\n\t\t<\/div>\n\t\t\t\t<div class=\"elementor-column elementor-col-33 elementor-top-column elementor-element elementor-element-27b23fe\" data-id=\"27b23fe\" data-element_type=\"column\" data-e-type=\"column\">\n\t\t\t<div class=\"elementor-widget-wrap elementor-element-populated\">\n\t\t\t\t\t\t<div class=\"elementor-element elementor-element-848770c elementor-widget elementor-widget-medibazar-icon-box\" data-id=\"848770c\" data-element_type=\"widget\" data-e-type=\"widget\" data-widget_type=\"medibazar-icon-box.default\">\n\t\t\t\t<div class=\"elementor-widget-container\">\n\t\t\t\t\t<div class=\"features-wrapper\"><div class=\"features-icon fe-1 f-left\" style=\"color:#4e97fd\"><i aria-hidden=\"false\" class=\"far fa-sun\"><\/i><\/div><div class=\"features-text\"><h3>Calificaci\u00f3n de operaci\u00f3n<\/h3><p>Eval\u00faa las variables de temperatura y presi\u00f3n de vapor mediante los sensores distribuidos en el equipo con el fin de confirmar que el esterilizador opera seg\u00fan las especificaciones del fabricante y se ajusta a los criterios fijados por los entes internacionales. Los datos de este an\u00e1lisis permiten demostrar que el equipo funciona seg\u00fan lo previsto, adem\u00e1s durante este proceso se hace la verificaci\u00f3n metrol\u00f3gica de las variables temperatura presi\u00f3n.<\/p><\/div><\/div>\t\t\t\t<\/div>\n\t\t\t\t<\/div>\n\t\t\t\t\t<\/div>\n\t\t<\/div>\n\t\t\t\t<div class=\"elementor-column elementor-col-33 elementor-top-column elementor-element elementor-element-8447d6e\" data-id=\"8447d6e\" data-element_type=\"column\" data-e-type=\"column\">\n\t\t\t<div class=\"elementor-widget-wrap elementor-element-populated\">\n\t\t\t\t\t\t<div class=\"elementor-element elementor-element-102c221 elementor-widget elementor-widget-medibazar-icon-box\" data-id=\"102c221\" data-element_type=\"widget\" data-e-type=\"widget\" data-widget_type=\"medibazar-icon-box.default\">\n\t\t\t\t<div class=\"elementor-widget-container\">\n\t\t\t\t\t<div class=\"features-wrapper\"><div class=\"features-icon fe-1 f-left\" style=\"color:#4e97fd\"><i aria-hidden=\"false\" class=\"far fa-chart-bar\"><\/i><\/div><div class=\"features-text\"><h3>Calificaci\u00f3n de Desempe\u00f1o<\/h3><p>Se eval\u00faa el equipo con carga durante tres ciclos consecutivos con el fin de calificar la penetraci\u00f3n de vapor en la carga y determinar el grado de letalidad de la misma. Para ello se calcula el valor de esterilizaci\u00f3n del tratamiento t\u00e9rmico (F0) y se hace la prueba de desaf\u00edo microbiol\u00f3gico para cada ciclo con los indicadores biol\u00f3gicos con microorganismo Geobacillus Stearotermophilus ATCC 7953 que tasan la letalidad del ciclo.<\/p><\/div><\/div>\t\t\t\t<\/div>\n\t\t\t\t<\/div>\n\t\t\t\t\t<\/div>\n\t\t<\/div>\n\t\t\t\t\t<\/div>\n\t\t<\/section>\n\t\t\t\t<section class=\"elementor-section elementor-top-section elementor-element elementor-element-767d0ef elementor-section-boxed elementor-section-height-default elementor-section-height-default\" data-id=\"767d0ef\" data-element_type=\"section\" data-e-type=\"section\">\n\t\t\t\t\t\t<div class=\"elementor-container elementor-column-gap-default\">\n\t\t\t\t\t<div class=\"elementor-column elementor-col-100 elementor-top-column elementor-element elementor-element-f7ca45b\" data-id=\"f7ca45b\" data-element_type=\"column\" data-e-type=\"column\">\n\t\t\t<div class=\"elementor-widget-wrap elementor-element-populated\">\n\t\t\t\t\t\t<div class=\"elementor-element elementor-element-7323acf elementor-align-center elementor-widget elementor-widget-button\" data-id=\"7323acf\" data-element_type=\"widget\" data-e-type=\"widget\" data-widget_type=\"button.default\">\n\t\t\t\t<div class=\"elementor-widget-container\">\n\t\t\t\t\t\t\t\t\t<div class=\"elementor-button-wrapper\">\n\t\t\t\t\t<a class=\"elementor-button elementor-button-link elementor-size-sm\" href=\"https:\/\/valitec.co\/sitioweb\/calificacion-de-autoclaves-y-esterilizadores-de-vapor\/\">\n\t\t\t\t\t\t<span class=\"elementor-button-content-wrapper\">\n\t\t\t\t\t\t\t\t\t<span class=\"elementor-button-text\">Regresar a Servicios<\/span>\n\t\t\t\t\t<\/span>\n\t\t\t\t\t<\/a>\n\t\t\t\t<\/div>\n\t\t\t\t\t\t\t\t<\/div>\n\t\t\t\t<\/div>\n\t\t\t\t<div class=\"elementor-element elementor-element-fb71b3d elementor-widget elementor-widget-spacer\" data-id=\"fb71b3d\" data-element_type=\"widget\" data-e-type=\"widget\" data-widget_type=\"spacer.default\">\n\t\t\t\t<div class=\"elementor-widget-container\">\n\t\t\t\t\t\t\t<div class=\"elementor-spacer\">\n\t\t\t<div class=\"elementor-spacer-inner\"><\/div>\n\t\t<\/div>\n\t\t\t\t\t\t<\/div>\n\t\t\t\t<\/div>\n\t\t\t\t\t<\/div>\n\t\t<\/div>\n\t\t\t\t\t<\/div>\n\t\t<\/section>\n\t\t\t\t<\/div>\n\t\t","protected":false},"excerpt":{"rendered":"<p>Servicios Home Calificaci\u00f3n de Autoclaves y esterilizadores de vapor Brindamos servicio especializado de validaci\u00f3n para esterilizadores de vapor, realizando las pruebas principales que exigen los entes de control de la salud, industria farmac\u00e9utica, alimenticia y afines. Calificaci\u00f3n de instalaci\u00f3n Demuestra el cumplimiento con las especificaciones de fabricaci\u00f3n del equipo despu\u00e9s de su instalaci\u00f3n, la documentaci\u00f3n<\/p>\n<div class=\"klb-readmore\"><a class=\"c-btn\" href=\"https:\/\/valitec.co\/sitioweb\/calificacion-de-camaras-climaticas-y-cuartos-de-estabilidad\/\">Read More <i class=\"far fa-plus\"><\/i><\/a><\/div>\n","protected":false},"author":1,"featured_media":0,"parent":0,"menu_order":0,"comment_status":"closed","ping_status":"closed","template":"","meta":{"_eb_attr":"","footnotes":""},"class_list":["post-1051","page","type-page","status-publish","hentry"],"_links":{"self":[{"href":"https:\/\/valitec.co\/sitioweb\/wp-json\/wp\/v2\/pages\/1051","targetHints":{"allow":["GET"]}}],"collection":[{"href":"https:\/\/valitec.co\/sitioweb\/wp-json\/wp\/v2\/pages"}],"about":[{"href":"https:\/\/valitec.co\/sitioweb\/wp-json\/wp\/v2\/types\/page"}],"author":[{"embeddable":true,"href":"https:\/\/valitec.co\/sitioweb\/wp-json\/wp\/v2\/users\/1"}],"replies":[{"embeddable":true,"href":"https:\/\/valitec.co\/sitioweb\/wp-json\/wp\/v2\/comments?post=1051"}],"version-history":[{"count":35,"href":"https:\/\/valitec.co\/sitioweb\/wp-json\/wp\/v2\/pages\/1051\/revisions"}],"predecessor-version":[{"id":2041,"href":"https:\/\/valitec.co\/sitioweb\/wp-json\/wp\/v2\/pages\/1051\/revisions\/2041"}],"wp:attachment":[{"href":"https:\/\/valitec.co\/sitioweb\/wp-json\/wp\/v2\/media?parent=1051"}],"curies":[{"name":"wp","href":"https:\/\/api.w.org\/{rel}","templated":true}]}}